{"id":4181,"date":"2015-06-22T10:14:49","date_gmt":"2015-06-22T14:14:49","guid":{"rendered":"https:\/\/ombudsmandemontreal.com\/?page_id=4181"},"modified":"2015-06-22T10:14:49","modified_gmt":"2015-06-22T14:14:49","slug":"a-private-business-is-deprived-of-access-to-water-for-many-months-the-business-owner-is-complaining-of-the-boroughs-inaction-2014","status":"publish","type":"page","link":"https:\/\/ombudsmandemontreal.com\/en\/cases-handled\/examples-of-cases-handled\/miscellaneous\/a-private-business-is-deprived-of-access-to-water-for-many-months-the-business-owner-is-complaining-of-the-boroughs-inaction-2014","title":{"rendered":"A private business is deprived of access to water for many months &#8211; The business owner is complaining of the Borough&#8217;s inaction (2014)"},"content":{"rendered":"<p>Following work started on the upper floors of the building where a business is located, in Arrondissement de Rosemont &#8211; La Petite-Patrie, the <em>Service de s\u00e9curit\u00e9 incendie de Montr\u00e9al<\/em> (SIM) had deemed that there was a risk of flooding.\u00a0 Therefore, it had ordered the shutdown of all the building\u2019s water accesses.\u00a0 This situation had been going on for many months and the business owner was complaining of the Borough\u2019s inaction.\u00a0 Through our intervention, we got the Borough to intensify its follow-ups and got the SIM to conduct a new inspection.\u00a0 The owner of the building finally completed some urgent work.\u00a0 The access to water was re-established.<\/p>\n<p>&nbsp;<\/p>\n","protected":false},"excerpt":{"rendered":"<p>Following work started on the upper floors of the building where a business is located, in Arrondissement de Rosemont &#8211; La Petite-Patrie, the Service de s\u00e9curit\u00e9 incendie de Montr\u00e9al (SIM) had deemed that there was a risk of flooding.\u00a0 Therefore, &hellip; <a href=\"https:\/\/ombudsmandemontreal.com\/en\/cases-handled\/examples-of-cases-handled\/miscellaneous\/a-private-business-is-deprived-of-access-to-water-for-many-months-the-business-owner-is-complaining-of-the-boroughs-inaction-2014\">Continue reading <span class=\"meta-nav\">&rarr;<\/span><\/a><\/p>\n","protected":false},"author":13,"featured_media":0,"parent":322,"menu_order":21,"comment_status":"closed","ping_status":"closed","template":"","meta":{"_acf_changed":false,"footnotes":""},"class_list":["post-4181","page","type-page","status-publish","hentry"],"acf":[],"yoast_head":"<!-- This site is optimized with the Yoast SEO plugin v27.4 - https:\/\/yoast.com\/product\/yoast-seo-wordpress\/ -->\n<title>A private business is deprived of access to water for many months - The business owner is complaining of the Borough&#039;s inaction (2014) - OMBUDSMAN de Montr\u00e9al<\/title>\n<meta name=\"robots\" content=\"index, follow, max-snippet:-1, max-image-preview:large, max-video-preview:-1\" \/>\n<link rel=\"canonical\" href=\"https:\/\/ombudsmandemontreal.com\/en\/cases-handled\/examples-of-cases-handled\/miscellaneous\/a-private-business-is-deprived-of-access-to-water-for-many-months-the-business-owner-is-complaining-of-the-boroughs-inaction-2014\" \/>\n<meta property=\"og:locale\" content=\"en_US\" \/>\n<meta property=\"og:type\" content=\"article\" \/>\n<meta property=\"og:title\" content=\"A private business is deprived of access to water for many months - The business owner is complaining of the Borough&#039;s inaction (2014) - OMBUDSMAN de Montr\u00e9al\" \/>\n<meta property=\"og:description\" content=\"Following work started on the upper floors of the building where a business is located, in Arrondissement de Rosemont &#8211; La Petite-Patrie, the Service de s\u00e9curit\u00e9 incendie de Montr\u00e9al (SIM) had deemed that there was a risk of flooding.\u00a0 Therefore, &hellip; Continue reading &rarr;\" \/>\n<meta property=\"og:url\" content=\"https:\/\/ombudsmandemontreal.com\/en\/cases-handled\/examples-of-cases-handled\/miscellaneous\/a-private-business-is-deprived-of-access-to-water-for-many-months-the-business-owner-is-complaining-of-the-boroughs-inaction-2014\" \/>\n<meta property=\"og:site_name\" content=\"OMBUDSMAN de Montr\u00e9al\" \/>\n<meta name=\"twitter:card\" content=\"summary_large_image\" \/>\n<meta name=\"twitter:label1\" content=\"Est. reading time\" \/>\n\t<meta name=\"twitter:data1\" content=\"1 minute\" \/>\n<script type=\"application\/ld+json\" class=\"yoast-schema-graph\">{\"@context\":\"https:\\\/\\\/schema.org\",\"@graph\":[{\"@type\":\"WebPage\",\"@id\":\"https:\\\/\\\/ombudsmandemontreal.com\\\/en\\\/cases-handled\\\/examples-of-cases-handled\\\/miscellaneous\\\/a-private-business-is-deprived-of-access-to-water-for-many-months-the-business-owner-is-complaining-of-the-boroughs-inaction-2014\",\"url\":\"https:\\\/\\\/ombudsmandemontreal.com\\\/en\\\/cases-handled\\\/examples-of-cases-handled\\\/miscellaneous\\\/a-private-business-is-deprived-of-access-to-water-for-many-months-the-business-owner-is-complaining-of-the-boroughs-inaction-2014\",\"name\":\"A private business is deprived of access to water for many months - The business owner is complaining of the Borough's inaction (2014) - OMBUDSMAN de Montr\u00e9al\",\"isPartOf\":{\"@id\":\"https:\\\/\\\/ombudsmandemontreal.com\\\/#website\"},\"datePublished\":\"2015-06-22T14:14:49+00:00\",\"breadcrumb\":{\"@id\":\"https:\\\/\\\/ombudsmandemontreal.com\\\/en\\\/cases-handled\\\/examples-of-cases-handled\\\/miscellaneous\\\/a-private-business-is-deprived-of-access-to-water-for-many-months-the-business-owner-is-complaining-of-the-boroughs-inaction-2014#breadcrumb\"},\"inLanguage\":\"en-US\",\"potentialAction\":[{\"@type\":\"ReadAction\",\"target\":[\"https:\\\/\\\/ombudsmandemontreal.com\\\/en\\\/cases-handled\\\/examples-of-cases-handled\\\/miscellaneous\\\/a-private-business-is-deprived-of-access-to-water-for-many-months-the-business-owner-is-complaining-of-the-boroughs-inaction-2014\"]}]},{\"@type\":\"BreadcrumbList\",\"@id\":\"https:\\\/\\\/ombudsmandemontreal.com\\\/en\\\/cases-handled\\\/examples-of-cases-handled\\\/miscellaneous\\\/a-private-business-is-deprived-of-access-to-water-for-many-months-the-business-owner-is-complaining-of-the-boroughs-inaction-2014#breadcrumb\",\"itemListElement\":[{\"@type\":\"ListItem\",\"position\":1,\"name\":\"Home\",\"item\":\"https:\\\/\\\/ombudsmandemontreal.com\\\/en\\\/\"},{\"@type\":\"ListItem\",\"position\":2,\"name\":\"Cases handled\",\"item\":\"https:\\\/\\\/ombudsmandemontreal.com\\\/en\\\/cases-handled\"},{\"@type\":\"ListItem\",\"position\":3,\"name\":\"Examples of cases handled\",\"item\":\"https:\\\/\\\/ombudsmandemontreal.com\\\/en\\\/cases-handled\\\/examples-of-cases-handled\"},{\"@type\":\"ListItem\",\"position\":4,\"name\":\"Miscellaneous\",\"item\":\"https:\\\/\\\/ombudsmandemontreal.com\\\/en\\\/cases-handled\\\/examples-of-cases-handled\\\/miscellaneous\"},{\"@type\":\"ListItem\",\"position\":5,\"name\":\"A private business is deprived of access to water for many months &#8211; The business owner is complaining of the Borough&#8217;s inaction (2014)\"}]},{\"@type\":\"WebSite\",\"@id\":\"https:\\\/\\\/ombudsmandemontreal.com\\\/#website\",\"url\":\"https:\\\/\\\/ombudsmandemontreal.com\\\/\",\"name\":\"OMBUDSMAN de Montr\u00e9al\",\"description\":\"\",\"potentialAction\":[{\"@type\":\"SearchAction\",\"target\":{\"@type\":\"EntryPoint\",\"urlTemplate\":\"https:\\\/\\\/ombudsmandemontreal.com\\\/?s={search_term_string}\"},\"query-input\":{\"@type\":\"PropertyValueSpecification\",\"valueRequired\":true,\"valueName\":\"search_term_string\"}}],\"inLanguage\":\"en-US\"}]}<\/script>\n<!-- \/ Yoast SEO plugin. -->","yoast_head_json":{"title":"A private business is deprived of access to water for many months - The business owner is complaining of the Borough's inaction (2014) - OMBUDSMAN de Montr\u00e9al","robots":{"index":"index","follow":"follow","max-snippet":"max-snippet:-1","max-image-preview":"max-image-preview:large","max-video-preview":"max-video-preview:-1"},"canonical":"https:\/\/ombudsmandemontreal.com\/en\/cases-handled\/examples-of-cases-handled\/miscellaneous\/a-private-business-is-deprived-of-access-to-water-for-many-months-the-business-owner-is-complaining-of-the-boroughs-inaction-2014","og_locale":"en_US","og_type":"article","og_title":"A private business is deprived of access to water for many months - The business owner is complaining of the Borough's inaction (2014) - OMBUDSMAN de Montr\u00e9al","og_description":"Following work started on the upper floors of the building where a business is located, in Arrondissement de Rosemont &#8211; La Petite-Patrie, the Service de s\u00e9curit\u00e9 incendie de Montr\u00e9al (SIM) had deemed that there was a risk of flooding.\u00a0 Therefore, &hellip; Continue reading &rarr;","og_url":"https:\/\/ombudsmandemontreal.com\/en\/cases-handled\/examples-of-cases-handled\/miscellaneous\/a-private-business-is-deprived-of-access-to-water-for-many-months-the-business-owner-is-complaining-of-the-boroughs-inaction-2014","og_site_name":"OMBUDSMAN de Montr\u00e9al","twitter_card":"summary_large_image","twitter_misc":{"Est. reading time":"1 minute"},"schema":{"@context":"https:\/\/schema.org","@graph":[{"@type":"WebPage","@id":"https:\/\/ombudsmandemontreal.com\/en\/cases-handled\/examples-of-cases-handled\/miscellaneous\/a-private-business-is-deprived-of-access-to-water-for-many-months-the-business-owner-is-complaining-of-the-boroughs-inaction-2014","url":"https:\/\/ombudsmandemontreal.com\/en\/cases-handled\/examples-of-cases-handled\/miscellaneous\/a-private-business-is-deprived-of-access-to-water-for-many-months-the-business-owner-is-complaining-of-the-boroughs-inaction-2014","name":"A private business is deprived of access to water for many months - The business owner is complaining of the Borough's inaction (2014) - OMBUDSMAN de Montr\u00e9al","isPartOf":{"@id":"https:\/\/ombudsmandemontreal.com\/#website"},"datePublished":"2015-06-22T14:14:49+00:00","breadcrumb":{"@id":"https:\/\/ombudsmandemontreal.com\/en\/cases-handled\/examples-of-cases-handled\/miscellaneous\/a-private-business-is-deprived-of-access-to-water-for-many-months-the-business-owner-is-complaining-of-the-boroughs-inaction-2014#breadcrumb"},"inLanguage":"en-US","potentialAction":[{"@type":"ReadAction","target":["https:\/\/ombudsmandemontreal.com\/en\/cases-handled\/examples-of-cases-handled\/miscellaneous\/a-private-business-is-deprived-of-access-to-water-for-many-months-the-business-owner-is-complaining-of-the-boroughs-inaction-2014"]}]},{"@type":"BreadcrumbList","@id":"https:\/\/ombudsmandemontreal.com\/en\/cases-handled\/examples-of-cases-handled\/miscellaneous\/a-private-business-is-deprived-of-access-to-water-for-many-months-the-business-owner-is-complaining-of-the-boroughs-inaction-2014#breadcrumb","itemListElement":[{"@type":"ListItem","position":1,"name":"Home","item":"https:\/\/ombudsmandemontreal.com\/en\/"},{"@type":"ListItem","position":2,"name":"Cases handled","item":"https:\/\/ombudsmandemontreal.com\/en\/cases-handled"},{"@type":"ListItem","position":3,"name":"Examples of cases handled","item":"https:\/\/ombudsmandemontreal.com\/en\/cases-handled\/examples-of-cases-handled"},{"@type":"ListItem","position":4,"name":"Miscellaneous","item":"https:\/\/ombudsmandemontreal.com\/en\/cases-handled\/examples-of-cases-handled\/miscellaneous"},{"@type":"ListItem","position":5,"name":"A private business is deprived of access to water for many months &#8211; The business owner is complaining of the Borough&#8217;s inaction (2014)"}]},{"@type":"WebSite","@id":"https:\/\/ombudsmandemontreal.com\/#website","url":"https:\/\/ombudsmandemontreal.com\/","name":"OMBUDSMAN de Montr\u00e9al","description":"","potentialAction":[{"@type":"SearchAction","target":{"@type":"EntryPoint","urlTemplate":"https:\/\/ombudsmandemontreal.com\/?s={search_term_string}"},"query-input":{"@type":"PropertyValueSpecification","valueRequired":true,"valueName":"search_term_string"}}],"inLanguage":"en-US"}]}},"_links":{"self":[{"href":"https:\/\/ombudsmandemontreal.com\/en\/wp-json\/wp\/v2\/pages\/4181","targetHints":{"allow":["GET"]}}],"collection":[{"href":"https:\/\/ombudsmandemontreal.com\/en\/wp-json\/wp\/v2\/pages"}],"about":[{"href":"https:\/\/ombudsmandemontreal.com\/en\/wp-json\/wp\/v2\/types\/page"}],"author":[{"embeddable":true,"href":"https:\/\/ombudsmandemontreal.com\/en\/wp-json\/wp\/v2\/users\/13"}],"replies":[{"embeddable":true,"href":"https:\/\/ombudsmandemontreal.com\/en\/wp-json\/wp\/v2\/comments?post=4181"}],"version-history":[{"count":0,"href":"https:\/\/ombudsmandemontreal.com\/en\/wp-json\/wp\/v2\/pages\/4181\/revisions"}],"up":[{"embeddable":true,"href":"https:\/\/ombudsmandemontreal.com\/en\/wp-json\/wp\/v2\/pages\/322"}],"wp:attachment":[{"href":"https:\/\/ombudsmandemontreal.com\/en\/wp-json\/wp\/v2\/media?parent=4181"}],"curies":[{"name":"wp","href":"https:\/\/api.w.org\/{rel}","templated":true}]}}

<p>Following work started on the upper floors of the building where a business is located, in Arrondissement de Rosemont &#8211; La Petite-Patrie, the <em>Service de sécurité incendie de Montréal</em> (SIM) had deemed that there was a risk of flooding.  Therefore, it had ordered the shutdown of all the building’s water accesses.  This situation had been going on for many months and the business owner was complaining of the Borough’s inaction.  Through our intervention, we got the Borough to intensify its follow-ups and got the SIM to conduct a new inspection.  The owner of the building finally completed some urgent work.  The access to water was re-established.</p>
<p>&nbsp;</p>

<p>Following work started on the upper floors of the building where a business is located, in Arrondissement de Rosemont &#8211; La Petite-Patrie, the Service de sécurité incendie de Montréal (SIM) had deemed that there was a risk of flooding.  Therefore, &hellip; <a href="https://ombudsmandemontreal.com/en/cases-handled/examples-of-cases-handled/miscellaneous/a-private-business-is-deprived-of-access-to-water-for-many-months-the-business-owner-is-complaining-of-the-boroughs-inaction-2014">Continue reading <span class="meta-nav">&rarr;</span></a></p>

<!-- This site is optimized with the Yoast SEO plugin v27.4 - https://yoast.com/product/yoast-seo-wordpress/ -->
<title>A private business is deprived of access to water for many months - The business owner is complaining of the Borough&#039;s inaction (2014) - OMBUDSMAN de Montréal</title>
<meta name="robots" content="index, follow, max-snippet:-1, max-image-preview:large, max-video-preview:-1" />
<link rel="canonical" href="https://ombudsmandemontreal.com/en/cases-handled/examples-of-cases-handled/miscellaneous/a-private-business-is-deprived-of-access-to-water-for-many-months-the-business-owner-is-complaining-of-the-boroughs-inaction-2014" />
<meta property="og:locale" content="en_US" />
<meta property="og:type" content="article" />
<meta property="og:title" content="A private business is deprived of access to water for many months - The business owner is complaining of the Borough&#039;s inaction (2014) - OMBUDSMAN de Montréal" />
<meta property="og:description" content="Following work started on the upper floors of the building where a business is located, in Arrondissement de Rosemont &#8211; La Petite-Patrie, the Service de sécurité incendie de Montréal (SIM) had deemed that there was a risk of flooding.  Therefore, &hellip; Continue reading &rarr;" />
<meta property="og:url" content="https://ombudsmandemontreal.com/en/cases-handled/examples-of-cases-handled/miscellaneous/a-private-business-is-deprived-of-access-to-water-for-many-months-the-business-owner-is-complaining-of-the-boroughs-inaction-2014" />
<meta property="og:site_name" content="OMBUDSMAN de Montréal" />
<meta name="twitter:card" content="summary_large_image" />
<meta name="twitter:label1" content="Est. reading time" />
	<meta name="twitter:data1" content="1 minute" />
<script type="application/ld+json" class="yoast-schema-graph">{"@context":"https:\/\/schema.org","@graph":[{"@type":"WebPage","@id":"https:\/\/ombudsmandemontreal.com\/en\/cases-handled\/examples-of-cases-handled\/miscellaneous\/a-private-business-is-deprived-of-access-to-water-for-many-months-the-business-owner-is-complaining-of-the-boroughs-inaction-2014","url":"https:\/\/ombudsmandemontreal.com\/en\/cases-handled\/examples-of-cases-handled\/miscellaneous\/a-private-business-is-deprived-of-access-to-water-for-many-months-the-business-owner-is-complaining-of-the-boroughs-inaction-2014","name":"A private business is deprived of access to water for many months - The business owner is complaining of the Borough's inaction (2014) - OMBUDSMAN de Montréal","isPartOf":{"@id":"https:\/\/ombudsmandemontreal.com\/#website"},"datePublished":"2015-06-22T14:14:49+00:00","breadcrumb":{"@id":"https:\/\/ombudsmandemontreal.com\/en\/cases-handled\/examples-of-cases-handled\/miscellaneous\/a-private-business-is-deprived-of-access-to-water-for-many-months-the-business-owner-is-complaining-of-the-boroughs-inaction-2014#breadcrumb"},"inLanguage":"en-US","potentialAction":[{"@type":"ReadAction","target":["https:\/\/ombudsmandemontreal.com\/en\/cases-handled\/examples-of-cases-handled\/miscellaneous\/a-private-business-is-deprived-of-access-to-water-for-many-months-the-business-owner-is-complaining-of-the-boroughs-inaction-2014"]}]},{"@type":"BreadcrumbList","@id":"https:\/\/ombudsmandemontreal.com\/en\/cases-handled\/examples-of-cases-handled\/miscellaneous\/a-private-business-is-deprived-of-access-to-water-for-many-months-the-business-owner-is-complaining-of-the-boroughs-inaction-2014#breadcrumb","itemListElement":[{"@type":"ListItem","position":1,"name":"Home","item":"https:\/\/ombudsmandemontreal.com\/en\/"},{"@type":"ListItem","position":2,"name":"Cases handled","item":"https:\/\/ombudsmandemontreal.com\/en\/cases-handled"},{"@type":"ListItem","position":3,"name":"Examples of cases handled","item":"https:\/\/ombudsmandemontreal.com\/en\/cases-handled\/examples-of-cases-handled"},{"@type":"ListItem","position":4,"name":"Miscellaneous","item":"https:\/\/ombudsmandemontreal.com\/en\/cases-handled\/examples-of-cases-handled\/miscellaneous"},{"@type":"ListItem","position":5,"name":"A private business is deprived of access to water for many months &#8211; The business owner is complaining of the Borough&#8217;s inaction (2014)"}]},{"@type":"WebSite","@id":"https:\/\/ombudsmandemontreal.com\/#website","url":"https:\/\/ombudsmandemontreal.com\/","name":"OMBUDSMAN de Montréal","description":"","potentialAction":[{"@type":"SearchAction","target":{"@type":"EntryPoint","urlTemplate":"https:\/\/ombudsmandemontreal.com\/?s={search_term_string}"},"query-input":{"@type":"PropertyValueSpecification","valueRequired":true,"valueName":"search_term_string"}}],"inLanguage":"en-US"}]}</script>
<!-- / Yoast SEO plugin. -->

A private business is deprived of access to water for many months - The business owner is complaining of the Borough's inaction (2014) - OMBUDSMAN de Montréal

Following work started on the upper floors of the building where a business is located, in Arrondissement de Rosemont &#8211; La Petite-Patrie, the Service de sécurité incendie de Montréal (SIM) had deemed that there was a risk of flooding.  Therefore, &hellip; Continue reading &rarr;

OMBUDSMAN de Montréal
