{"id":3857,"date":"2014-05-28T13:47:54","date_gmt":"2014-05-28T17:47:54","guid":{"rendered":"https:\/\/ombudsmandemontreal.com\/?page_id=3857"},"modified":"2014-06-10T13:40:20","modified_gmt":"2014-06-10T17:40:20","slug":"2014-2","status":"publish","type":"page","link":"https:\/\/ombudsmandemontreal.com\/en\/press-room\/press-of-the-odm\/2014-2","title":{"rendered":"2014"},"content":{"rendered":"<p><a href=\"http:\/\/www.flambeaudelest.com\/Vie-de-quartier\/2014-06-08\/article-3754170\/Huit-nouvelles-plaintes-dans-larrondissement-dAnjou\/1\" target=\"_blank\">Huit nouvelles plaintes dans l&#8217;arrondissement d&#8217;Anjou<\/a>, Le Flambeau de l&#8217;Est &#8211; 8 juin 2014<\/p>\n<p><a href=\"http:\/\/www.leprogresvilleray.com\/Vie-de-quartier\/2014-06-04\/article-3751465\/38-nouvelles-plaintes-pour-VSP\/1\" target=\"_blank\">38 nouvelles plaintes pour VSP &#8211; Bilan de l&#8217;Ombudsman de Montr\u00e9al<\/a>, Le Progr\u00e8s Villeray &#8211; 4 juin 2014<\/p>\n<p><a href=\"http:\/\/www.journaldestmichel.com\/Actualites\/2014-06-04\/article-3749903\/L%26rsquo%3BOmbudsman-de-Montreal-a-recu-38-plaintes-de-citoyens-de-VSMPE\/1\" target=\"_blank\">L&#8217;Ombudsman de Montr\u00e9al a re\u00e7u 38 plaintes de citoyens de VSMPE<\/a>, Journal de St-Michel &#8211; 4 juin 2014<\/p>\n<p><a href=\"http:\/\/www.lapresse.ca\/debats\/editoriaux\/ariane-krol\/201405\/30\/01-4771484-preserver-la-facade.php\" target=\"_blank\">Pr\u00e9server la fa\u00e7ade<\/a>, La Presse &#8211; 2 juin 2014<\/p>\n<p><a href=\"http:\/\/www.lapresse.ca\/actualites\/montreal\/201405\/29\/01-4771165-des-sexagenaires-denoncent-le-traitement-quon-leur-a-reserve.php?utm_categorieinterne=trafficdrivers&amp;utm_contenuinterne=envoyer_cbp\" target=\"_blank\">Des sexag\u00e9naires d\u00e9noncent le traitement qu&#8217;on leur a r\u00e9serv\u00e9<\/a>, La Presse &#8211; 30 mai 2014<\/p>\n<p><a href=\"http:\/\/www.journalderosemont.com\/Vie-de-quartier\/2014-05-29\/article-3742441\/Accessibilite-universelle-%3A-%26laquo%3B-Plus-ca-va%2C-plus-on-recule-a-Rosemont-%26raquo%3B\/1\" target=\"_blank\">Accessibilit\u00e9 universelle : \u00abPlus \u00e7a va, plus on recule \u00e0 Rosemont\u00bb<\/a>, Journal de Rosemont-La Petite-Patrie &#8211; 29 mai 2014<\/p>\n<p><a href=\"http:\/\/droitinc.com\/article12848-Rapport-sur-les-activites-de-l-Ombudsman\" target=\"_blank\">Rapport sur les activit\u00e9s de l&#8217;Ombudsman<\/a>, Droit-inc &#8211; 29 mai 2014<\/p>\n<p><a href=\"http:\/\/montreal.radionrj.ca\/info-montreal\/2014\/05\/28\/moins-de-dossiers-ont-ete-traites-en-2013-par-lombudsman-de-montreal\" target=\"_blank\">Moins de dossiers ont \u00e9t\u00e9 trait\u00e9s en 2013 par l&#8217;ombudsman de Montr\u00e9al<\/a>, Radio NRJ &#8211; 28 mai 2014<\/p>\n<p><a href=\"http:\/\/www.24hmontreal.canoe.ca\/24hmontreal\/actualites\/national\/archives\/2014\/05\/20140528-124820.html\" target=\"_blank\">Ombudsman de Montr\u00e9al : 1348 dossiers trait\u00e9s en 2013<\/a>, 24 heures &#8211; 28 mai 2014<\/p>\n<p><a href=\"http:\/\/www.cibl1015.com\/nouvelles\/-\/pub\/9HcT\/content\/2957531-1400-dossiers-traites-par-l-ombundsman-en-2013?redirect=%2F\" target=\"_blank\">1400 dossiers trait\u00e9s par l&#8217;ombudsman en 2013<\/a>, CIBL1015 &#8211; 28 mai<\/p>\n<p><a href=\"http:\/\/www.lapresse.ca\/actualites\/montreal\/201405\/28\/01-4770672-rosemont-la-petite-patrie-epingle-par-lombudsman.php\" target=\"_blank\">Rosemont-La-Petite-Patrie \u00e9pingl\u00e9 par l&#8217;ombudsman<\/a>, LaPresse &#8211; 28 mai 2014<\/p>\n<p><a href=\"http:\/\/www.journaldemontreal.com\/2014\/05\/28\/1348-dossiers-traites-en-2013-selon-le-rapport-annuel\" target=\"_blank\">L&#8217;Ombudsman \u00e0 la rescousse d&#8217;une famille<\/a>, Journal de Montr\u00e9al &#8211; 28 mai 2014<\/p>\n<p><a href=\"http:\/\/ruemasson.com\/?p=26892\" target=\"_blank\">L&#8217;ombudsman de la ville r\u00e9primande l&#8217;Arrondissement qui se d\u00e9fend<\/a>, RueMasson.com &#8211; 28 mai 2014<\/p>\n<p><a href=\"http:\/\/tvanouvelles.ca\/lcn\/infos\/regional\/montreal\/archives\/2014\/05\/20140528-103449.html?utm_source=dlvr.it&amp;utm_medium=twitter\" target=\"_blank\">1348 dossier trait\u00e9s en 2013: Rapport annuel de l&#8217;Ombudsman<\/a>, TVA Nouvelles &#8211; 28 mai 2014<\/p>\n<p><a href=\"http:\/\/www.montrealgazette.com\/news\/montreal\/complaints+Montreal+ombudsman+2013+involved+municipal\/9884545\/story.html?utm_source=dlvr.it&amp;utm_medium=twitter\" target=\"_blank\">Top complaints to Montreal&#8217;s ombudsman in 2013 involved municipal court, police, parking:report<\/a>, The Gazette &#8211; May 28, 2014<\/p>\n<p><a href=\"http:\/\/journalmetro.com\/actualites\/montreal\/502017\/lombudsman-de-montreal-a-traite-moins-de-dossiers-en-2013\/\" target=\"_blank\">L&#8217;ombudsman de Montr\u00e9al a trait\u00e9 moins de dossiers en 2013<\/a>, M\u00e9tro &#8211; 28 mai 2014<\/p>\n<p>&nbsp;<\/p>\n","protected":false},"excerpt":{"rendered":"<p>Huit nouvelles plaintes dans l&#8217;arrondissement d&#8217;Anjou, Le Flambeau de l&#8217;Est &#8211; 8 juin 2014 38 nouvelles plaintes pour VSP &#8211; Bilan de l&#8217;Ombudsman de Montr\u00e9al, Le Progr\u00e8s Villeray &#8211; 4 juin 2014 L&#8217;Ombudsman de Montr\u00e9al a re\u00e7u 38 plaintes de &hellip; <a href=\"https:\/\/ombudsmandemontreal.com\/en\/press-room\/press-of-the-odm\/2014-2\">Continue reading <span class=\"meta-nav\">&rarr;<\/span><\/a><\/p>\n","protected":false},"author":13,"featured_media":0,"parent":1297,"menu_order":10,"comment_status":"closed","ping_status":"closed","template":"","meta":{"_acf_changed":false,"footnotes":""},"class_list":["post-3857","page","type-page","status-publish","hentry"],"acf":[],"yoast_head":"<!-- This site is optimized with the Yoast SEO plugin v27.4 - https:\/\/yoast.com\/product\/yoast-seo-wordpress\/ -->\n<title>2014 - OMBUDSMAN de Montr\u00e9al<\/title>\n<meta name=\"robots\" content=\"index, follow, max-snippet:-1, max-image-preview:large, max-video-preview:-1\" \/>\n<link rel=\"canonical\" href=\"https:\/\/ombudsmandemontreal.com\/en\/press-room\/press-of-the-odm\/2014-2\" \/>\n<meta property=\"og:locale\" content=\"en_US\" \/>\n<meta property=\"og:type\" content=\"article\" \/>\n<meta property=\"og:title\" content=\"2014 - OMBUDSMAN de Montr\u00e9al\" \/>\n<meta property=\"og:description\" content=\"Huit nouvelles plaintes dans l&#8217;arrondissement d&#8217;Anjou, Le Flambeau de l&#8217;Est &#8211; 8 juin 2014 38 nouvelles plaintes pour VSP &#8211; Bilan de l&#8217;Ombudsman de Montr\u00e9al, Le Progr\u00e8s Villeray &#8211; 4 juin 2014 L&#8217;Ombudsman de Montr\u00e9al a re\u00e7u 38 plaintes de &hellip; Continue reading &rarr;\" \/>\n<meta property=\"og:url\" content=\"https:\/\/ombudsmandemontreal.com\/en\/press-room\/press-of-the-odm\/2014-2\" \/>\n<meta property=\"og:site_name\" content=\"OMBUDSMAN de Montr\u00e9al\" \/>\n<meta property=\"article:modified_time\" content=\"2014-06-10T17:40:20+00:00\" \/>\n<meta name=\"twitter:card\" content=\"summary_large_image\" \/>\n<meta name=\"twitter:label1\" content=\"Est. reading time\" \/>\n\t<meta name=\"twitter:data1\" content=\"1 minute\" \/>\n<script type=\"application\/ld+json\" class=\"yoast-schema-graph\">{\"@context\":\"https:\\\/\\\/schema.org\",\"@graph\":[{\"@type\":\"WebPage\",\"@id\":\"https:\\\/\\\/ombudsmandemontreal.com\\\/en\\\/press-room\\\/press-of-the-odm\\\/2014-2\",\"url\":\"https:\\\/\\\/ombudsmandemontreal.com\\\/en\\\/press-room\\\/press-of-the-odm\\\/2014-2\",\"name\":\"2014 - OMBUDSMAN de Montr\u00e9al\",\"isPartOf\":{\"@id\":\"https:\\\/\\\/ombudsmandemontreal.com\\\/#website\"},\"datePublished\":\"2014-05-28T17:47:54+00:00\",\"dateModified\":\"2014-06-10T17:40:20+00:00\",\"breadcrumb\":{\"@id\":\"https:\\\/\\\/ombudsmandemontreal.com\\\/en\\\/press-room\\\/press-of-the-odm\\\/2014-2#breadcrumb\"},\"inLanguage\":\"en-US\",\"potentialAction\":[{\"@type\":\"ReadAction\",\"target\":[\"https:\\\/\\\/ombudsmandemontreal.com\\\/en\\\/press-room\\\/press-of-the-odm\\\/2014-2\"]}]},{\"@type\":\"BreadcrumbList\",\"@id\":\"https:\\\/\\\/ombudsmandemontreal.com\\\/en\\\/press-room\\\/press-of-the-odm\\\/2014-2#breadcrumb\",\"itemListElement\":[{\"@type\":\"ListItem\",\"position\":1,\"name\":\"Home\",\"item\":\"https:\\\/\\\/ombudsmandemontreal.com\\\/en\\\/\"},{\"@type\":\"ListItem\",\"position\":2,\"name\":\"Press room\",\"item\":\"https:\\\/\\\/ombudsmandemontreal.com\\\/en\\\/press-room\"},{\"@type\":\"ListItem\",\"position\":3,\"name\":\"Press room\",\"item\":\"https:\\\/\\\/ombudsmandemontreal.com\\\/en\\\/press-room\\\/press-of-the-odm\"},{\"@type\":\"ListItem\",\"position\":4,\"name\":\"2014\"}]},{\"@type\":\"WebSite\",\"@id\":\"https:\\\/\\\/ombudsmandemontreal.com\\\/#website\",\"url\":\"https:\\\/\\\/ombudsmandemontreal.com\\\/\",\"name\":\"OMBUDSMAN de Montr\u00e9al\",\"description\":\"\",\"potentialAction\":[{\"@type\":\"SearchAction\",\"target\":{\"@type\":\"EntryPoint\",\"urlTemplate\":\"https:\\\/\\\/ombudsmandemontreal.com\\\/?s={search_term_string}\"},\"query-input\":{\"@type\":\"PropertyValueSpecification\",\"valueRequired\":true,\"valueName\":\"search_term_string\"}}],\"inLanguage\":\"en-US\"}]}<\/script>\n<!-- \/ Yoast SEO plugin. -->","yoast_head_json":{"title":"2014 - OMBUDSMAN de Montr\u00e9al","robots":{"index":"index","follow":"follow","max-snippet":"max-snippet:-1","max-image-preview":"max-image-preview:large","max-video-preview":"max-video-preview:-1"},"canonical":"https:\/\/ombudsmandemontreal.com\/en\/press-room\/press-of-the-odm\/2014-2","og_locale":"en_US","og_type":"article","og_title":"2014 - OMBUDSMAN de Montr\u00e9al","og_description":"Huit nouvelles plaintes dans l&#8217;arrondissement d&#8217;Anjou, Le Flambeau de l&#8217;Est &#8211; 8 juin 2014 38 nouvelles plaintes pour VSP &#8211; Bilan de l&#8217;Ombudsman de Montr\u00e9al, Le Progr\u00e8s Villeray &#8211; 4 juin 2014 L&#8217;Ombudsman de Montr\u00e9al a re\u00e7u 38 plaintes de &hellip; Continue reading &rarr;","og_url":"https:\/\/ombudsmandemontreal.com\/en\/press-room\/press-of-the-odm\/2014-2","og_site_name":"OMBUDSMAN de Montr\u00e9al","article_modified_time":"2014-06-10T17:40:20+00:00","twitter_card":"summary_large_image","twitter_misc":{"Est. reading time":"1 minute"},"schema":{"@context":"https:\/\/schema.org","@graph":[{"@type":"WebPage","@id":"https:\/\/ombudsmandemontreal.com\/en\/press-room\/press-of-the-odm\/2014-2","url":"https:\/\/ombudsmandemontreal.com\/en\/press-room\/press-of-the-odm\/2014-2","name":"2014 - OMBUDSMAN de Montr\u00e9al","isPartOf":{"@id":"https:\/\/ombudsmandemontreal.com\/#website"},"datePublished":"2014-05-28T17:47:54+00:00","dateModified":"2014-06-10T17:40:20+00:00","breadcrumb":{"@id":"https:\/\/ombudsmandemontreal.com\/en\/press-room\/press-of-the-odm\/2014-2#breadcrumb"},"inLanguage":"en-US","potentialAction":[{"@type":"ReadAction","target":["https:\/\/ombudsmandemontreal.com\/en\/press-room\/press-of-the-odm\/2014-2"]}]},{"@type":"BreadcrumbList","@id":"https:\/\/ombudsmandemontreal.com\/en\/press-room\/press-of-the-odm\/2014-2#breadcrumb","itemListElement":[{"@type":"ListItem","position":1,"name":"Home","item":"https:\/\/ombudsmandemontreal.com\/en\/"},{"@type":"ListItem","position":2,"name":"Press room","item":"https:\/\/ombudsmandemontreal.com\/en\/press-room"},{"@type":"ListItem","position":3,"name":"Press room","item":"https:\/\/ombudsmandemontreal.com\/en\/press-room\/press-of-the-odm"},{"@type":"ListItem","position":4,"name":"2014"}]},{"@type":"WebSite","@id":"https:\/\/ombudsmandemontreal.com\/#website","url":"https:\/\/ombudsmandemontreal.com\/","name":"OMBUDSMAN de Montr\u00e9al","description":"","potentialAction":[{"@type":"SearchAction","target":{"@type":"EntryPoint","urlTemplate":"https:\/\/ombudsmandemontreal.com\/?s={search_term_string}"},"query-input":{"@type":"PropertyValueSpecification","valueRequired":true,"valueName":"search_term_string"}}],"inLanguage":"en-US"}]}},"_links":{"self":[{"href":"https:\/\/ombudsmandemontreal.com\/en\/wp-json\/wp\/v2\/pages\/3857","targetHints":{"allow":["GET"]}}],"collection":[{"href":"https:\/\/ombudsmandemontreal.com\/en\/wp-json\/wp\/v2\/pages"}],"about":[{"href":"https:\/\/ombudsmandemontreal.com\/en\/wp-json\/wp\/v2\/types\/page"}],"author":[{"embeddable":true,"href":"https:\/\/ombudsmandemontreal.com\/en\/wp-json\/wp\/v2\/users\/13"}],"replies":[{"embeddable":true,"href":"https:\/\/ombudsmandemontreal.com\/en\/wp-json\/wp\/v2\/comments?post=3857"}],"version-history":[{"count":0,"href":"https:\/\/ombudsmandemontreal.com\/en\/wp-json\/wp\/v2\/pages\/3857\/revisions"}],"up":[{"embeddable":true,"href":"https:\/\/ombudsmandemontreal.com\/en\/wp-json\/wp\/v2\/pages\/1297"}],"wp:attachment":[{"href":"https:\/\/ombudsmandemontreal.com\/en\/wp-json\/wp\/v2\/media?parent=3857"}],"curies":[{"name":"wp","href":"https:\/\/api.w.org\/{rel}","templated":true}]}}

<p><a href="http://www.flambeaudelest.com/Vie-de-quartier/2014-06-08/article-3754170/Huit-nouvelles-plaintes-dans-larrondissement-dAnjou/1" target="_blank">Huit nouvelles plaintes dans l&#8217;arrondissement d&#8217;Anjou</a>, Le Flambeau de l&#8217;Est &#8211; 8 juin 2014</p>
<p><a href="http://www.leprogresvilleray.com/Vie-de-quartier/2014-06-04/article-3751465/38-nouvelles-plaintes-pour-VSP/1" target="_blank">38 nouvelles plaintes pour VSP &#8211; Bilan de l&#8217;Ombudsman de Montréal</a>, Le Progrès Villeray &#8211; 4 juin 2014</p>
<p><a href="http://www.journaldestmichel.com/Actualites/2014-06-04/article-3749903/L%26rsquo%3BOmbudsman-de-Montreal-a-recu-38-plaintes-de-citoyens-de-VSMPE/1" target="_blank">L&#8217;Ombudsman de Montréal a reçu 38 plaintes de citoyens de VSMPE</a>, Journal de St-Michel &#8211; 4 juin 2014</p>
<p><a href="http://www.lapresse.ca/debats/editoriaux/ariane-krol/201405/30/01-4771484-preserver-la-facade.php" target="_blank">Préserver la façade</a>, La Presse &#8211; 2 juin 2014</p>
<p><a href="http://www.lapresse.ca/actualites/montreal/201405/29/01-4771165-des-sexagenaires-denoncent-le-traitement-quon-leur-a-reserve.php?utm_categorieinterne=trafficdrivers&amp;utm_contenuinterne=envoyer_cbp" target="_blank">Des sexagénaires dénoncent le traitement qu&#8217;on leur a réservé</a>, La Presse &#8211; 30 mai 2014</p>
<p><a href="http://www.journalderosemont.com/Vie-de-quartier/2014-05-29/article-3742441/Accessibilite-universelle-%3A-%26laquo%3B-Plus-ca-va%2C-plus-on-recule-a-Rosemont-%26raquo%3B/1" target="_blank">Accessibilité universelle : «Plus ça va, plus on recule à Rosemont»</a>, Journal de Rosemont-La Petite-Patrie &#8211; 29 mai 2014</p>
<p><a href="http://droitinc.com/article12848-Rapport-sur-les-activites-de-l-Ombudsman" target="_blank">Rapport sur les activités de l&#8217;Ombudsman</a>, Droit-inc &#8211; 29 mai 2014</p>
<p><a href="http://montreal.radionrj.ca/info-montreal/2014/05/28/moins-de-dossiers-ont-ete-traites-en-2013-par-lombudsman-de-montreal" target="_blank">Moins de dossiers ont été traités en 2013 par l&#8217;ombudsman de Montréal</a>, Radio NRJ &#8211; 28 mai 2014</p>
<p><a href="http://www.24hmontreal.canoe.ca/24hmontreal/actualites/national/archives/2014/05/20140528-124820.html" target="_blank">Ombudsman de Montréal : 1348 dossiers traités en 2013</a>, 24 heures &#8211; 28 mai 2014</p>
<p><a href="http://www.cibl1015.com/nouvelles/-/pub/9HcT/content/2957531-1400-dossiers-traites-par-l-ombundsman-en-2013?redirect=%2F" target="_blank">1400 dossiers traités par l&#8217;ombudsman en 2013</a>, CIBL1015 &#8211; 28 mai</p>
<p><a href="http://www.lapresse.ca/actualites/montreal/201405/28/01-4770672-rosemont-la-petite-patrie-epingle-par-lombudsman.php" target="_blank">Rosemont-La-Petite-Patrie épinglé par l&#8217;ombudsman</a>, LaPresse &#8211; 28 mai 2014</p>
<p><a href="http://www.journaldemontreal.com/2014/05/28/1348-dossiers-traites-en-2013-selon-le-rapport-annuel" target="_blank">L&#8217;Ombudsman à la rescousse d&#8217;une famille</a>, Journal de Montréal &#8211; 28 mai 2014</p>
<p><a href="http://ruemasson.com/?p=26892" target="_blank">L&#8217;ombudsman de la ville réprimande l&#8217;Arrondissement qui se défend</a>, RueMasson.com &#8211; 28 mai 2014</p>
<p><a href="http://tvanouvelles.ca/lcn/infos/regional/montreal/archives/2014/05/20140528-103449.html?utm_source=dlvr.it&amp;utm_medium=twitter" target="_blank">1348 dossier traités en 2013: Rapport annuel de l&#8217;Ombudsman</a>, TVA Nouvelles &#8211; 28 mai 2014</p>
<p><a href="http://www.montrealgazette.com/news/montreal/complaints+Montreal+ombudsman+2013+involved+municipal/9884545/story.html?utm_source=dlvr.it&amp;utm_medium=twitter" target="_blank">Top complaints to Montreal&#8217;s ombudsman in 2013 involved municipal court, police, parking:report</a>, The Gazette &#8211; May 28, 2014</p>
<p><a href="http://journalmetro.com/actualites/montreal/502017/lombudsman-de-montreal-a-traite-moins-de-dossiers-en-2013/" target="_blank">L&#8217;ombudsman de Montréal a traité moins de dossiers en 2013</a>, Métro &#8211; 28 mai 2014</p>
<p>&nbsp;</p>

<p>Huit nouvelles plaintes dans l&#8217;arrondissement d&#8217;Anjou, Le Flambeau de l&#8217;Est &#8211; 8 juin 2014 38 nouvelles plaintes pour VSP &#8211; Bilan de l&#8217;Ombudsman de Montréal, Le Progrès Villeray &#8211; 4 juin 2014 L&#8217;Ombudsman de Montréal a reçu 38 plaintes de &hellip; <a href="https://ombudsmandemontreal.com/en/press-room/press-of-the-odm/2014-2">Continue reading <span class="meta-nav">&rarr;</span></a></p>

<!-- This site is optimized with the Yoast SEO plugin v27.4 - https://yoast.com/product/yoast-seo-wordpress/ -->
<title>2014 - OMBUDSMAN de Montréal</title>
<meta name="robots" content="index, follow, max-snippet:-1, max-image-preview:large, max-video-preview:-1" />
<link rel="canonical" href="https://ombudsmandemontreal.com/en/press-room/press-of-the-odm/2014-2" />
<meta property="og:locale" content="en_US" />
<meta property="og:type" content="article" />
<meta property="og:title" content="2014 - OMBUDSMAN de Montréal" />
<meta property="og:description" content="Huit nouvelles plaintes dans l&#8217;arrondissement d&#8217;Anjou, Le Flambeau de l&#8217;Est &#8211; 8 juin 2014 38 nouvelles plaintes pour VSP &#8211; Bilan de l&#8217;Ombudsman de Montréal, Le Progrès Villeray &#8211; 4 juin 2014 L&#8217;Ombudsman de Montréal a reçu 38 plaintes de &hellip; Continue reading &rarr;" />
<meta property="og:url" content="https://ombudsmandemontreal.com/en/press-room/press-of-the-odm/2014-2" />
<meta property="og:site_name" content="OMBUDSMAN de Montréal" />
<meta property="article:modified_time" content="2014-06-10T17:40:20+00:00" />
<meta name="twitter:card" content="summary_large_image" />
<meta name="twitter:label1" content="Est. reading time" />
	<meta name="twitter:data1" content="1 minute" />
<script type="application/ld+json" class="yoast-schema-graph">{"@context":"https:\/\/schema.org","@graph":[{"@type":"WebPage","@id":"https:\/\/ombudsmandemontreal.com\/en\/press-room\/press-of-the-odm\/2014-2","url":"https:\/\/ombudsmandemontreal.com\/en\/press-room\/press-of-the-odm\/2014-2","name":"2014 - OMBUDSMAN de Montréal","isPartOf":{"@id":"https:\/\/ombudsmandemontreal.com\/#website"},"datePublished":"2014-05-28T17:47:54+00:00","dateModified":"2014-06-10T17:40:20+00:00","breadcrumb":{"@id":"https:\/\/ombudsmandemontreal.com\/en\/press-room\/press-of-the-odm\/2014-2#breadcrumb"},"inLanguage":"en-US","potentialAction":[{"@type":"ReadAction","target":["https:\/\/ombudsmandemontreal.com\/en\/press-room\/press-of-the-odm\/2014-2"]}]},{"@type":"BreadcrumbList","@id":"https:\/\/ombudsmandemontreal.com\/en\/press-room\/press-of-the-odm\/2014-2#breadcrumb","itemListElement":[{"@type":"ListItem","position":1,"name":"Home","item":"https:\/\/ombudsmandemontreal.com\/en\/"},{"@type":"ListItem","position":2,"name":"Press room","item":"https:\/\/ombudsmandemontreal.com\/en\/press-room"},{"@type":"ListItem","position":3,"name":"Press room","item":"https:\/\/ombudsmandemontreal.com\/en\/press-room\/press-of-the-odm"},{"@type":"ListItem","position":4,"name":"2014"}]},{"@type":"WebSite","@id":"https:\/\/ombudsmandemontreal.com\/#website","url":"https:\/\/ombudsmandemontreal.com\/","name":"OMBUDSMAN de Montréal","description":"","potentialAction":[{"@type":"SearchAction","target":{"@type":"EntryPoint","urlTemplate":"https:\/\/ombudsmandemontreal.com\/?s={search_term_string}"},"query-input":{"@type":"PropertyValueSpecification","valueRequired":true,"valueName":"search_term_string"}}],"inLanguage":"en-US"}]}</script>
<!-- / Yoast SEO plugin. -->

2014 - OMBUDSMAN de Montréal

Huit nouvelles plaintes dans l&#8217;arrondissement d&#8217;Anjou, Le Flambeau de l&#8217;Est &#8211; 8 juin 2014 38 nouvelles plaintes pour VSP &#8211; Bilan de l&#8217;Ombudsman de Montréal, Le Progrès Villeray &#8211; 4 juin 2014 L&#8217;Ombudsman de Montréal a reçu 38 plaintes de &hellip; Continue reading &rarr;

OMBUDSMAN de Montréal
