{"id":3060,"date":"2013-04-26T15:30:15","date_gmt":"2013-04-26T19:30:15","guid":{"rendered":"https:\/\/ombudsmandemontreal.com\/press-room\/press-of-the-odm\/2006-2"},"modified":"2013-04-26T15:30:15","modified_gmt":"2013-04-26T19:30:15","slug":"2006-2","status":"publish","type":"page","link":"https:\/\/ombudsmandemontreal.com\/en\/press-room\/press-of-the-odm\/2006-2","title":{"rendered":"2006"},"content":{"rendered":"<p><a href=\"https:\/\/ombudsmandemontreal.com\/wp-content\/themes\/ombudsman\/data\/journal-de-mtl_28-06-2006.pdf\" target=\"_blank\">L&#8217;ombudsman \u00e0 la d\u00e9fense du Festiblues,<\/a> Le Journal de Montr\u00e9al &#8211; 28 juin 2006 (PDF)<\/p>\n<p><a href=\"https:\/\/ombudsmandemontreal.com\/wp-content\/themes\/ombudsman\/data\/metro_03_05_2006.pdf\" target=\"_blank\">Le d\u00e9fenseur du citoyen sollicit\u00e9 comme jamais, <\/a>M\u00e9tro &#8211; 3 mai 2006 (PDF)<\/p>\n<p><a href=\"https:\/\/ombudsmandemontreal.com\/wp-content\/themes\/ombudsman\/data\/journal-de-mtl_03-05-2006.pdf\" target=\"_blank\">L&#8217;ombudsman ne ch\u00f4me pas, <\/a>Le Journal de Montr\u00e9al &#8211; 3 mai 2006 (PDF)<\/p>\n<p><a href=\"https:\/\/ombudsmandemontreal.com\/wp-content\/themes\/ombudsman\/data\/the-gazette_04-10-2006.pdf\" target=\"_blank\">An ally when other doors are closed, <\/a>The Gazette &#8211; April 10, 2006 (PDF)<\/p>\n<p><a href=\"http:\/\/www.barreau.qc.ca\/export\/sites\/newsite\/pdf\/journal\/vol38\/200603.pdf\" target=\"_blank\">Biffez mon nom &#8230; je n&#8217;ai rien fait !<\/a>, Le Journal du Barreau &#8211; mars 2006, page 3<\/p>\n","protected":false},"excerpt":{"rendered":"<p>L&#8217;ombudsman \u00e0 la d\u00e9fense du Festiblues, Le Journal de Montr\u00e9al &#8211; 28 juin 2006 (PDF) Le d\u00e9fenseur du citoyen sollicit\u00e9 comme jamais, M\u00e9tro &#8211; 3 mai 2006 (PDF) L&#8217;ombudsman ne ch\u00f4me pas, Le Journal de Montr\u00e9al &#8211; 3 mai 2006 &hellip; <a href=\"https:\/\/ombudsmandemontreal.com\/en\/press-room\/press-of-the-odm\/2006-2\">Continue reading <span class=\"meta-nav\">&rarr;<\/span><\/a><\/p>\n","protected":false},"author":18,"featured_media":0,"parent":1297,"menu_order":30,"comment_status":"closed","ping_status":"closed","template":"","meta":{"_acf_changed":false,"footnotes":""},"class_list":["post-3060","page","type-page","status-publish","hentry"],"acf":[],"yoast_head":"<!-- This site is optimized with the Yoast SEO plugin v27.4 - https:\/\/yoast.com\/product\/yoast-seo-wordpress\/ -->\n<title>2006 - OMBUDSMAN de Montr\u00e9al<\/title>\n<meta name=\"robots\" content=\"index, follow, max-snippet:-1, max-image-preview:large, max-video-preview:-1\" \/>\n<link rel=\"canonical\" href=\"https:\/\/ombudsmandemontreal.com\/en\/press-room\/press-of-the-odm\/2006-2\" \/>\n<meta property=\"og:locale\" content=\"en_US\" \/>\n<meta property=\"og:type\" content=\"article\" \/>\n<meta property=\"og:title\" content=\"2006 - OMBUDSMAN de Montr\u00e9al\" \/>\n<meta property=\"og:description\" content=\"L&#8217;ombudsman \u00e0 la d\u00e9fense du Festiblues, Le Journal de Montr\u00e9al &#8211; 28 juin 2006 (PDF) Le d\u00e9fenseur du citoyen sollicit\u00e9 comme jamais, M\u00e9tro &#8211; 3 mai 2006 (PDF) L&#8217;ombudsman ne ch\u00f4me pas, Le Journal de Montr\u00e9al &#8211; 3 mai 2006 &hellip; Continue reading &rarr;\" \/>\n<meta property=\"og:url\" content=\"https:\/\/ombudsmandemontreal.com\/en\/press-room\/press-of-the-odm\/2006-2\" \/>\n<meta property=\"og:site_name\" content=\"OMBUDSMAN de Montr\u00e9al\" \/>\n<meta name=\"twitter:card\" content=\"summary_large_image\" \/>\n<script type=\"application\/ld+json\" class=\"yoast-schema-graph\">{\"@context\":\"https:\\\/\\\/schema.org\",\"@graph\":[{\"@type\":\"WebPage\",\"@id\":\"https:\\\/\\\/ombudsmandemontreal.com\\\/en\\\/press-room\\\/press-of-the-odm\\\/2006-2\",\"url\":\"https:\\\/\\\/ombudsmandemontreal.com\\\/en\\\/press-room\\\/press-of-the-odm\\\/2006-2\",\"name\":\"2006 - OMBUDSMAN de Montr\u00e9al\",\"isPartOf\":{\"@id\":\"https:\\\/\\\/ombudsmandemontreal.com\\\/#website\"},\"datePublished\":\"2013-04-26T19:30:15+00:00\",\"breadcrumb\":{\"@id\":\"https:\\\/\\\/ombudsmandemontreal.com\\\/en\\\/press-room\\\/press-of-the-odm\\\/2006-2#breadcrumb\"},\"inLanguage\":\"en-US\",\"potentialAction\":[{\"@type\":\"ReadAction\",\"target\":[\"https:\\\/\\\/ombudsmandemontreal.com\\\/en\\\/press-room\\\/press-of-the-odm\\\/2006-2\"]}]},{\"@type\":\"BreadcrumbList\",\"@id\":\"https:\\\/\\\/ombudsmandemontreal.com\\\/en\\\/press-room\\\/press-of-the-odm\\\/2006-2#breadcrumb\",\"itemListElement\":[{\"@type\":\"ListItem\",\"position\":1,\"name\":\"Home\",\"item\":\"https:\\\/\\\/ombudsmandemontreal.com\\\/en\\\/\"},{\"@type\":\"ListItem\",\"position\":2,\"name\":\"Press room\",\"item\":\"https:\\\/\\\/ombudsmandemontreal.com\\\/en\\\/press-room\"},{\"@type\":\"ListItem\",\"position\":3,\"name\":\"Press room\",\"item\":\"https:\\\/\\\/ombudsmandemontreal.com\\\/en\\\/press-room\\\/press-of-the-odm\"},{\"@type\":\"ListItem\",\"position\":4,\"name\":\"2006\"}]},{\"@type\":\"WebSite\",\"@id\":\"https:\\\/\\\/ombudsmandemontreal.com\\\/#website\",\"url\":\"https:\\\/\\\/ombudsmandemontreal.com\\\/\",\"name\":\"OMBUDSMAN de Montr\u00e9al\",\"description\":\"\",\"potentialAction\":[{\"@type\":\"SearchAction\",\"target\":{\"@type\":\"EntryPoint\",\"urlTemplate\":\"https:\\\/\\\/ombudsmandemontreal.com\\\/?s={search_term_string}\"},\"query-input\":{\"@type\":\"PropertyValueSpecification\",\"valueRequired\":true,\"valueName\":\"search_term_string\"}}],\"inLanguage\":\"en-US\"}]}<\/script>\n<!-- \/ Yoast SEO plugin. -->","yoast_head_json":{"title":"2006 - OMBUDSMAN de Montr\u00e9al","robots":{"index":"index","follow":"follow","max-snippet":"max-snippet:-1","max-image-preview":"max-image-preview:large","max-video-preview":"max-video-preview:-1"},"canonical":"https:\/\/ombudsmandemontreal.com\/en\/press-room\/press-of-the-odm\/2006-2","og_locale":"en_US","og_type":"article","og_title":"2006 - OMBUDSMAN de Montr\u00e9al","og_description":"L&#8217;ombudsman \u00e0 la d\u00e9fense du Festiblues, Le Journal de Montr\u00e9al &#8211; 28 juin 2006 (PDF) Le d\u00e9fenseur du citoyen sollicit\u00e9 comme jamais, M\u00e9tro &#8211; 3 mai 2006 (PDF) L&#8217;ombudsman ne ch\u00f4me pas, Le Journal de Montr\u00e9al &#8211; 3 mai 2006 &hellip; Continue reading &rarr;","og_url":"https:\/\/ombudsmandemontreal.com\/en\/press-room\/press-of-the-odm\/2006-2","og_site_name":"OMBUDSMAN de Montr\u00e9al","twitter_card":"summary_large_image","schema":{"@context":"https:\/\/schema.org","@graph":[{"@type":"WebPage","@id":"https:\/\/ombudsmandemontreal.com\/en\/press-room\/press-of-the-odm\/2006-2","url":"https:\/\/ombudsmandemontreal.com\/en\/press-room\/press-of-the-odm\/2006-2","name":"2006 - OMBUDSMAN de Montr\u00e9al","isPartOf":{"@id":"https:\/\/ombudsmandemontreal.com\/#website"},"datePublished":"2013-04-26T19:30:15+00:00","breadcrumb":{"@id":"https:\/\/ombudsmandemontreal.com\/en\/press-room\/press-of-the-odm\/2006-2#breadcrumb"},"inLanguage":"en-US","potentialAction":[{"@type":"ReadAction","target":["https:\/\/ombudsmandemontreal.com\/en\/press-room\/press-of-the-odm\/2006-2"]}]},{"@type":"BreadcrumbList","@id":"https:\/\/ombudsmandemontreal.com\/en\/press-room\/press-of-the-odm\/2006-2#breadcrumb","itemListElement":[{"@type":"ListItem","position":1,"name":"Home","item":"https:\/\/ombudsmandemontreal.com\/en\/"},{"@type":"ListItem","position":2,"name":"Press room","item":"https:\/\/ombudsmandemontreal.com\/en\/press-room"},{"@type":"ListItem","position":3,"name":"Press room","item":"https:\/\/ombudsmandemontreal.com\/en\/press-room\/press-of-the-odm"},{"@type":"ListItem","position":4,"name":"2006"}]},{"@type":"WebSite","@id":"https:\/\/ombudsmandemontreal.com\/#website","url":"https:\/\/ombudsmandemontreal.com\/","name":"OMBUDSMAN de Montr\u00e9al","description":"","potentialAction":[{"@type":"SearchAction","target":{"@type":"EntryPoint","urlTemplate":"https:\/\/ombudsmandemontreal.com\/?s={search_term_string}"},"query-input":{"@type":"PropertyValueSpecification","valueRequired":true,"valueName":"search_term_string"}}],"inLanguage":"en-US"}]}},"_links":{"self":[{"href":"https:\/\/ombudsmandemontreal.com\/en\/wp-json\/wp\/v2\/pages\/3060","targetHints":{"allow":["GET"]}}],"collection":[{"href":"https:\/\/ombudsmandemontreal.com\/en\/wp-json\/wp\/v2\/pages"}],"about":[{"href":"https:\/\/ombudsmandemontreal.com\/en\/wp-json\/wp\/v2\/types\/page"}],"author":[{"embeddable":true,"href":"https:\/\/ombudsmandemontreal.com\/en\/wp-json\/wp\/v2\/users\/18"}],"replies":[{"embeddable":true,"href":"https:\/\/ombudsmandemontreal.com\/en\/wp-json\/wp\/v2\/comments?post=3060"}],"version-history":[{"count":0,"href":"https:\/\/ombudsmandemontreal.com\/en\/wp-json\/wp\/v2\/pages\/3060\/revisions"}],"up":[{"embeddable":true,"href":"https:\/\/ombudsmandemontreal.com\/en\/wp-json\/wp\/v2\/pages\/1297"}],"wp:attachment":[{"href":"https:\/\/ombudsmandemontreal.com\/en\/wp-json\/wp\/v2\/media?parent=3060"}],"curies":[{"name":"wp","href":"https:\/\/api.w.org\/{rel}","templated":true}]}}

<p><a href="https://ombudsmandemontreal.com/wp-content/themes/ombudsman/data/journal-de-mtl_28-06-2006.pdf" target="_blank">L&#8217;ombudsman à la défense du Festiblues,</a> Le Journal de Montréal &#8211; 28 juin 2006 (PDF)</p>
<p><a href="https://ombudsmandemontreal.com/wp-content/themes/ombudsman/data/metro_03_05_2006.pdf" target="_blank">Le défenseur du citoyen sollicité comme jamais, </a>Métro &#8211; 3 mai 2006 (PDF)</p>
<p><a href="https://ombudsmandemontreal.com/wp-content/themes/ombudsman/data/journal-de-mtl_03-05-2006.pdf" target="_blank">L&#8217;ombudsman ne chôme pas, </a>Le Journal de Montréal &#8211; 3 mai 2006 (PDF)</p>
<p><a href="https://ombudsmandemontreal.com/wp-content/themes/ombudsman/data/the-gazette_04-10-2006.pdf" target="_blank">An ally when other doors are closed, </a>The Gazette &#8211; April 10, 2006 (PDF)</p>
<p><a href="http://www.barreau.qc.ca/export/sites/newsite/pdf/journal/vol38/200603.pdf" target="_blank">Biffez mon nom &#8230; je n&#8217;ai rien fait !</a>, Le Journal du Barreau &#8211; mars 2006, page 3</p>

<p>L&#8217;ombudsman à la défense du Festiblues, Le Journal de Montréal &#8211; 28 juin 2006 (PDF) Le défenseur du citoyen sollicité comme jamais, Métro &#8211; 3 mai 2006 (PDF) L&#8217;ombudsman ne chôme pas, Le Journal de Montréal &#8211; 3 mai 2006 &hellip; <a href="https://ombudsmandemontreal.com/en/press-room/press-of-the-odm/2006-2">Continue reading <span class="meta-nav">&rarr;</span></a></p>

<!-- This site is optimized with the Yoast SEO plugin v27.4 - https://yoast.com/product/yoast-seo-wordpress/ -->
<title>2006 - OMBUDSMAN de Montréal</title>
<meta name="robots" content="index, follow, max-snippet:-1, max-image-preview:large, max-video-preview:-1" />
<link rel="canonical" href="https://ombudsmandemontreal.com/en/press-room/press-of-the-odm/2006-2" />
<meta property="og:locale" content="en_US" />
<meta property="og:type" content="article" />
<meta property="og:title" content="2006 - OMBUDSMAN de Montréal" />
<meta property="og:description" content="L&#8217;ombudsman à la défense du Festiblues, Le Journal de Montréal &#8211; 28 juin 2006 (PDF) Le défenseur du citoyen sollicité comme jamais, Métro &#8211; 3 mai 2006 (PDF) L&#8217;ombudsman ne chôme pas, Le Journal de Montréal &#8211; 3 mai 2006 &hellip; Continue reading &rarr;" />
<meta property="og:url" content="https://ombudsmandemontreal.com/en/press-room/press-of-the-odm/2006-2" />
<meta property="og:site_name" content="OMBUDSMAN de Montréal" />
<meta name="twitter:card" content="summary_large_image" />
<script type="application/ld+json" class="yoast-schema-graph">{"@context":"https:\/\/schema.org","@graph":[{"@type":"WebPage","@id":"https:\/\/ombudsmandemontreal.com\/en\/press-room\/press-of-the-odm\/2006-2","url":"https:\/\/ombudsmandemontreal.com\/en\/press-room\/press-of-the-odm\/2006-2","name":"2006 - OMBUDSMAN de Montréal","isPartOf":{"@id":"https:\/\/ombudsmandemontreal.com\/#website"},"datePublished":"2013-04-26T19:30:15+00:00","breadcrumb":{"@id":"https:\/\/ombudsmandemontreal.com\/en\/press-room\/press-of-the-odm\/2006-2#breadcrumb"},"inLanguage":"en-US","potentialAction":[{"@type":"ReadAction","target":["https:\/\/ombudsmandemontreal.com\/en\/press-room\/press-of-the-odm\/2006-2"]}]},{"@type":"BreadcrumbList","@id":"https:\/\/ombudsmandemontreal.com\/en\/press-room\/press-of-the-odm\/2006-2#breadcrumb","itemListElement":[{"@type":"ListItem","position":1,"name":"Home","item":"https:\/\/ombudsmandemontreal.com\/en\/"},{"@type":"ListItem","position":2,"name":"Press room","item":"https:\/\/ombudsmandemontreal.com\/en\/press-room"},{"@type":"ListItem","position":3,"name":"Press room","item":"https:\/\/ombudsmandemontreal.com\/en\/press-room\/press-of-the-odm"},{"@type":"ListItem","position":4,"name":"2006"}]},{"@type":"WebSite","@id":"https:\/\/ombudsmandemontreal.com\/#website","url":"https:\/\/ombudsmandemontreal.com\/","name":"OMBUDSMAN de Montréal","description":"","potentialAction":[{"@type":"SearchAction","target":{"@type":"EntryPoint","urlTemplate":"https:\/\/ombudsmandemontreal.com\/?s={search_term_string}"},"query-input":{"@type":"PropertyValueSpecification","valueRequired":true,"valueName":"search_term_string"}}],"inLanguage":"en-US"}]}</script>
<!-- / Yoast SEO plugin. -->

2006 - OMBUDSMAN de Montréal

L&#8217;ombudsman à la défense du Festiblues, Le Journal de Montréal &#8211; 28 juin 2006 (PDF) Le défenseur du citoyen sollicité comme jamais, Métro &#8211; 3 mai 2006 (PDF) L&#8217;ombudsman ne chôme pas, Le Journal de Montréal &#8211; 3 mai 2006 &hellip; Continue reading &rarr;

OMBUDSMAN de Montréal
