{"id":3057,"date":"2013-04-26T15:33:05","date_gmt":"2013-04-26T19:33:05","guid":{"rendered":"https:\/\/ombudsmandemontreal.com\/press-room\/press-of-the-odm\/2009-2"},"modified":"2013-04-26T15:33:05","modified_gmt":"2013-04-26T19:33:05","slug":"2009-2","status":"publish","type":"page","link":"https:\/\/ombudsmandemontreal.com\/en\/press-room\/press-of-the-odm\/2009-2","title":{"rendered":"2009"},"content":{"rendered":"<p><a href=\"http:\/\/www.avenirdelest.com\/Societe\/Vie-communautaire\/2009-11-28\/article-752152\/Ombudsman-de-Montreal%3A-vague-dinterventions-concernant-les-personnes-handicapees\/1\" target=\"_blank\">Ombudsman de Montr\u00e9al: vague d&#8217;interventions concernant les personnes handicap\u00e9es<\/a>, Avenir de l&#8217;est &#8211; 28 novembre 2009<\/p>\n<p><a href=\"http:\/\/www.avenirdelest.com\/Actualites\/Politique\/2009-11-28\/article-747775\/Lombudsman-veille-au-grain-et-intervient-chaque-annee-dans-1500-dossiers\/1\" target=\"_blank\">L&#8217;ombudsman veille au grain et intervient chaque ann\u00e9e dans 1500 dossiers<\/a>, Avenir de l&#8217;est &#8211; 28 novembre 2009<\/p>\n<p><a href=\"http:\/\/www.lapresse.ca\/actualites\/regional\/montreal\/200905\/22\/01-858741-montreal-enquete-sur-ladministration-du-plateau.php\" target=\"_blank\">Montr\u00e9al enqu\u00eate sur l&#8217;administration du Plateau<\/a>, LaPresse.ca &#8211; 22 mai 2009<\/p>\n<p><a href=\"http:\/\/journalmetro.com\/actualites\/montreal\/31926\/33-plus-de-plaintes-au-bureau-de-lombudsman-de-montreal\/\" target=\"_blank\">33 % plus de plaintes au bureau de l&#8217;ombudsman de Montr\u00e9al<\/a>,\u00a0M\u00e9tro &#8211; 30 avril 2009<\/p>\n<p><a href=\"http:\/\/www.lapresse.ca\/actualites\/regional\/montreal\/200904\/29\/01-851535-lombudsman-preoccupee-par-la-ligne-antifraude-du-maire-tremblay.php\" target=\"_blank\">L&#8217;ombudsman pr\u00e9occup\u00e9e par la ligne antifraude du maire Tremblay<\/a>, LaPresse.ca &#8211; 29 avril 2009<\/p>\n","protected":false},"excerpt":{"rendered":"<p>Ombudsman de Montr\u00e9al: vague d&#8217;interventions concernant les personnes handicap\u00e9es, Avenir de l&#8217;est &#8211; 28 novembre 2009 L&#8217;ombudsman veille au grain et intervient chaque ann\u00e9e dans 1500 dossiers, Avenir de l&#8217;est &#8211; 28 novembre 2009 Montr\u00e9al enqu\u00eate sur l&#8217;administration du Plateau, &hellip; <a href=\"https:\/\/ombudsmandemontreal.com\/en\/press-room\/press-of-the-odm\/2009-2\">Continue reading <span class=\"meta-nav\">&rarr;<\/span><\/a><\/p>\n","protected":false},"author":18,"featured_media":0,"parent":1297,"menu_order":24,"comment_status":"closed","ping_status":"closed","template":"","meta":{"_acf_changed":false,"footnotes":""},"class_list":["post-3057","page","type-page","status-publish","hentry"],"acf":[],"yoast_head":"<!-- This site is optimized with the Yoast SEO plugin v27.4 - https:\/\/yoast.com\/product\/yoast-seo-wordpress\/ -->\n<title>2009 - OMBUDSMAN de Montr\u00e9al<\/title>\n<meta name=\"robots\" content=\"index, follow, max-snippet:-1, max-image-preview:large, max-video-preview:-1\" \/>\n<link rel=\"canonical\" href=\"https:\/\/ombudsmandemontreal.com\/en\/press-room\/press-of-the-odm\/2009-2\" \/>\n<meta property=\"og:locale\" content=\"en_US\" \/>\n<meta property=\"og:type\" content=\"article\" \/>\n<meta property=\"og:title\" content=\"2009 - OMBUDSMAN de Montr\u00e9al\" \/>\n<meta property=\"og:description\" content=\"Ombudsman de Montr\u00e9al: vague d&#8217;interventions concernant les personnes handicap\u00e9es, Avenir de l&#8217;est &#8211; 28 novembre 2009 L&#8217;ombudsman veille au grain et intervient chaque ann\u00e9e dans 1500 dossiers, Avenir de l&#8217;est &#8211; 28 novembre 2009 Montr\u00e9al enqu\u00eate sur l&#8217;administration du Plateau, &hellip; Continue reading &rarr;\" \/>\n<meta property=\"og:url\" content=\"https:\/\/ombudsmandemontreal.com\/en\/press-room\/press-of-the-odm\/2009-2\" \/>\n<meta property=\"og:site_name\" content=\"OMBUDSMAN de Montr\u00e9al\" \/>\n<meta name=\"twitter:card\" content=\"summary_large_image\" \/>\n<script type=\"application\/ld+json\" class=\"yoast-schema-graph\">{\"@context\":\"https:\\\/\\\/schema.org\",\"@graph\":[{\"@type\":\"WebPage\",\"@id\":\"https:\\\/\\\/ombudsmandemontreal.com\\\/en\\\/press-room\\\/press-of-the-odm\\\/2009-2\",\"url\":\"https:\\\/\\\/ombudsmandemontreal.com\\\/en\\\/press-room\\\/press-of-the-odm\\\/2009-2\",\"name\":\"2009 - OMBUDSMAN de Montr\u00e9al\",\"isPartOf\":{\"@id\":\"https:\\\/\\\/ombudsmandemontreal.com\\\/#website\"},\"datePublished\":\"2013-04-26T19:33:05+00:00\",\"breadcrumb\":{\"@id\":\"https:\\\/\\\/ombudsmandemontreal.com\\\/en\\\/press-room\\\/press-of-the-odm\\\/2009-2#breadcrumb\"},\"inLanguage\":\"en-US\",\"potentialAction\":[{\"@type\":\"ReadAction\",\"target\":[\"https:\\\/\\\/ombudsmandemontreal.com\\\/en\\\/press-room\\\/press-of-the-odm\\\/2009-2\"]}]},{\"@type\":\"BreadcrumbList\",\"@id\":\"https:\\\/\\\/ombudsmandemontreal.com\\\/en\\\/press-room\\\/press-of-the-odm\\\/2009-2#breadcrumb\",\"itemListElement\":[{\"@type\":\"ListItem\",\"position\":1,\"name\":\"Home\",\"item\":\"https:\\\/\\\/ombudsmandemontreal.com\\\/en\\\/\"},{\"@type\":\"ListItem\",\"position\":2,\"name\":\"Press room\",\"item\":\"https:\\\/\\\/ombudsmandemontreal.com\\\/en\\\/press-room\"},{\"@type\":\"ListItem\",\"position\":3,\"name\":\"Press room\",\"item\":\"https:\\\/\\\/ombudsmandemontreal.com\\\/en\\\/press-room\\\/press-of-the-odm\"},{\"@type\":\"ListItem\",\"position\":4,\"name\":\"2009\"}]},{\"@type\":\"WebSite\",\"@id\":\"https:\\\/\\\/ombudsmandemontreal.com\\\/#website\",\"url\":\"https:\\\/\\\/ombudsmandemontreal.com\\\/\",\"name\":\"OMBUDSMAN de Montr\u00e9al\",\"description\":\"\",\"potentialAction\":[{\"@type\":\"SearchAction\",\"target\":{\"@type\":\"EntryPoint\",\"urlTemplate\":\"https:\\\/\\\/ombudsmandemontreal.com\\\/?s={search_term_string}\"},\"query-input\":{\"@type\":\"PropertyValueSpecification\",\"valueRequired\":true,\"valueName\":\"search_term_string\"}}],\"inLanguage\":\"en-US\"}]}<\/script>\n<!-- \/ Yoast SEO plugin. -->","yoast_head_json":{"title":"2009 - OMBUDSMAN de Montr\u00e9al","robots":{"index":"index","follow":"follow","max-snippet":"max-snippet:-1","max-image-preview":"max-image-preview:large","max-video-preview":"max-video-preview:-1"},"canonical":"https:\/\/ombudsmandemontreal.com\/en\/press-room\/press-of-the-odm\/2009-2","og_locale":"en_US","og_type":"article","og_title":"2009 - OMBUDSMAN de Montr\u00e9al","og_description":"Ombudsman de Montr\u00e9al: vague d&#8217;interventions concernant les personnes handicap\u00e9es, Avenir de l&#8217;est &#8211; 28 novembre 2009 L&#8217;ombudsman veille au grain et intervient chaque ann\u00e9e dans 1500 dossiers, Avenir de l&#8217;est &#8211; 28 novembre 2009 Montr\u00e9al enqu\u00eate sur l&#8217;administration du Plateau, &hellip; Continue reading &rarr;","og_url":"https:\/\/ombudsmandemontreal.com\/en\/press-room\/press-of-the-odm\/2009-2","og_site_name":"OMBUDSMAN de Montr\u00e9al","twitter_card":"summary_large_image","schema":{"@context":"https:\/\/schema.org","@graph":[{"@type":"WebPage","@id":"https:\/\/ombudsmandemontreal.com\/en\/press-room\/press-of-the-odm\/2009-2","url":"https:\/\/ombudsmandemontreal.com\/en\/press-room\/press-of-the-odm\/2009-2","name":"2009 - OMBUDSMAN de Montr\u00e9al","isPartOf":{"@id":"https:\/\/ombudsmandemontreal.com\/#website"},"datePublished":"2013-04-26T19:33:05+00:00","breadcrumb":{"@id":"https:\/\/ombudsmandemontreal.com\/en\/press-room\/press-of-the-odm\/2009-2#breadcrumb"},"inLanguage":"en-US","potentialAction":[{"@type":"ReadAction","target":["https:\/\/ombudsmandemontreal.com\/en\/press-room\/press-of-the-odm\/2009-2"]}]},{"@type":"BreadcrumbList","@id":"https:\/\/ombudsmandemontreal.com\/en\/press-room\/press-of-the-odm\/2009-2#breadcrumb","itemListElement":[{"@type":"ListItem","position":1,"name":"Home","item":"https:\/\/ombudsmandemontreal.com\/en\/"},{"@type":"ListItem","position":2,"name":"Press room","item":"https:\/\/ombudsmandemontreal.com\/en\/press-room"},{"@type":"ListItem","position":3,"name":"Press room","item":"https:\/\/ombudsmandemontreal.com\/en\/press-room\/press-of-the-odm"},{"@type":"ListItem","position":4,"name":"2009"}]},{"@type":"WebSite","@id":"https:\/\/ombudsmandemontreal.com\/#website","url":"https:\/\/ombudsmandemontreal.com\/","name":"OMBUDSMAN de Montr\u00e9al","description":"","potentialAction":[{"@type":"SearchAction","target":{"@type":"EntryPoint","urlTemplate":"https:\/\/ombudsmandemontreal.com\/?s={search_term_string}"},"query-input":{"@type":"PropertyValueSpecification","valueRequired":true,"valueName":"search_term_string"}}],"inLanguage":"en-US"}]}},"_links":{"self":[{"href":"https:\/\/ombudsmandemontreal.com\/en\/wp-json\/wp\/v2\/pages\/3057","targetHints":{"allow":["GET"]}}],"collection":[{"href":"https:\/\/ombudsmandemontreal.com\/en\/wp-json\/wp\/v2\/pages"}],"about":[{"href":"https:\/\/ombudsmandemontreal.com\/en\/wp-json\/wp\/v2\/types\/page"}],"author":[{"embeddable":true,"href":"https:\/\/ombudsmandemontreal.com\/en\/wp-json\/wp\/v2\/users\/18"}],"replies":[{"embeddable":true,"href":"https:\/\/ombudsmandemontreal.com\/en\/wp-json\/wp\/v2\/comments?post=3057"}],"version-history":[{"count":0,"href":"https:\/\/ombudsmandemontreal.com\/en\/wp-json\/wp\/v2\/pages\/3057\/revisions"}],"up":[{"embeddable":true,"href":"https:\/\/ombudsmandemontreal.com\/en\/wp-json\/wp\/v2\/pages\/1297"}],"wp:attachment":[{"href":"https:\/\/ombudsmandemontreal.com\/en\/wp-json\/wp\/v2\/media?parent=3057"}],"curies":[{"name":"wp","href":"https:\/\/api.w.org\/{rel}","templated":true}]}}

<p><a href="http://www.avenirdelest.com/Societe/Vie-communautaire/2009-11-28/article-752152/Ombudsman-de-Montreal%3A-vague-dinterventions-concernant-les-personnes-handicapees/1" target="_blank">Ombudsman de Montréal: vague d&#8217;interventions concernant les personnes handicapées</a>, Avenir de l&#8217;est &#8211; 28 novembre 2009</p>
<p><a href="http://www.avenirdelest.com/Actualites/Politique/2009-11-28/article-747775/Lombudsman-veille-au-grain-et-intervient-chaque-annee-dans-1500-dossiers/1" target="_blank">L&#8217;ombudsman veille au grain et intervient chaque année dans 1500 dossiers</a>, Avenir de l&#8217;est &#8211; 28 novembre 2009</p>
<p><a href="http://www.lapresse.ca/actualites/regional/montreal/200905/22/01-858741-montreal-enquete-sur-ladministration-du-plateau.php" target="_blank">Montréal enquête sur l&#8217;administration du Plateau</a>, LaPresse.ca &#8211; 22 mai 2009</p>
<p><a href="http://journalmetro.com/actualites/montreal/31926/33-plus-de-plaintes-au-bureau-de-lombudsman-de-montreal/" target="_blank">33 % plus de plaintes au bureau de l&#8217;ombudsman de Montréal</a>, Métro &#8211; 30 avril 2009</p>
<p><a href="http://www.lapresse.ca/actualites/regional/montreal/200904/29/01-851535-lombudsman-preoccupee-par-la-ligne-antifraude-du-maire-tremblay.php" target="_blank">L&#8217;ombudsman préoccupée par la ligne antifraude du maire Tremblay</a>, LaPresse.ca &#8211; 29 avril 2009</p>

<p>Ombudsman de Montréal: vague d&#8217;interventions concernant les personnes handicapées, Avenir de l&#8217;est &#8211; 28 novembre 2009 L&#8217;ombudsman veille au grain et intervient chaque année dans 1500 dossiers, Avenir de l&#8217;est &#8211; 28 novembre 2009 Montréal enquête sur l&#8217;administration du Plateau, &hellip; <a href="https://ombudsmandemontreal.com/en/press-room/press-of-the-odm/2009-2">Continue reading <span class="meta-nav">&rarr;</span></a></p>

<!-- This site is optimized with the Yoast SEO plugin v27.4 - https://yoast.com/product/yoast-seo-wordpress/ -->
<title>2009 - OMBUDSMAN de Montréal</title>
<meta name="robots" content="index, follow, max-snippet:-1, max-image-preview:large, max-video-preview:-1" />
<link rel="canonical" href="https://ombudsmandemontreal.com/en/press-room/press-of-the-odm/2009-2" />
<meta property="og:locale" content="en_US" />
<meta property="og:type" content="article" />
<meta property="og:title" content="2009 - OMBUDSMAN de Montréal" />
<meta property="og:description" content="Ombudsman de Montréal: vague d&#8217;interventions concernant les personnes handicapées, Avenir de l&#8217;est &#8211; 28 novembre 2009 L&#8217;ombudsman veille au grain et intervient chaque année dans 1500 dossiers, Avenir de l&#8217;est &#8211; 28 novembre 2009 Montréal enquête sur l&#8217;administration du Plateau, &hellip; Continue reading &rarr;" />
<meta property="og:url" content="https://ombudsmandemontreal.com/en/press-room/press-of-the-odm/2009-2" />
<meta property="og:site_name" content="OMBUDSMAN de Montréal" />
<meta name="twitter:card" content="summary_large_image" />
<script type="application/ld+json" class="yoast-schema-graph">{"@context":"https:\/\/schema.org","@graph":[{"@type":"WebPage","@id":"https:\/\/ombudsmandemontreal.com\/en\/press-room\/press-of-the-odm\/2009-2","url":"https:\/\/ombudsmandemontreal.com\/en\/press-room\/press-of-the-odm\/2009-2","name":"2009 - OMBUDSMAN de Montréal","isPartOf":{"@id":"https:\/\/ombudsmandemontreal.com\/#website"},"datePublished":"2013-04-26T19:33:05+00:00","breadcrumb":{"@id":"https:\/\/ombudsmandemontreal.com\/en\/press-room\/press-of-the-odm\/2009-2#breadcrumb"},"inLanguage":"en-US","potentialAction":[{"@type":"ReadAction","target":["https:\/\/ombudsmandemontreal.com\/en\/press-room\/press-of-the-odm\/2009-2"]}]},{"@type":"BreadcrumbList","@id":"https:\/\/ombudsmandemontreal.com\/en\/press-room\/press-of-the-odm\/2009-2#breadcrumb","itemListElement":[{"@type":"ListItem","position":1,"name":"Home","item":"https:\/\/ombudsmandemontreal.com\/en\/"},{"@type":"ListItem","position":2,"name":"Press room","item":"https:\/\/ombudsmandemontreal.com\/en\/press-room"},{"@type":"ListItem","position":3,"name":"Press room","item":"https:\/\/ombudsmandemontreal.com\/en\/press-room\/press-of-the-odm"},{"@type":"ListItem","position":4,"name":"2009"}]},{"@type":"WebSite","@id":"https:\/\/ombudsmandemontreal.com\/#website","url":"https:\/\/ombudsmandemontreal.com\/","name":"OMBUDSMAN de Montréal","description":"","potentialAction":[{"@type":"SearchAction","target":{"@type":"EntryPoint","urlTemplate":"https:\/\/ombudsmandemontreal.com\/?s={search_term_string}"},"query-input":{"@type":"PropertyValueSpecification","valueRequired":true,"valueName":"search_term_string"}}],"inLanguage":"en-US"}]}</script>
<!-- / Yoast SEO plugin. -->

2009 - OMBUDSMAN de Montréal

Ombudsman de Montréal: vague d&#8217;interventions concernant les personnes handicapées, Avenir de l&#8217;est &#8211; 28 novembre 2009 L&#8217;ombudsman veille au grain et intervient chaque année dans 1500 dossiers, Avenir de l&#8217;est &#8211; 28 novembre 2009 Montréal enquête sur l&#8217;administration du Plateau, &hellip; Continue reading &rarr;

OMBUDSMAN de Montréal
