{"id":1794,"date":"2012-05-24T14:26:27","date_gmt":"2012-05-24T18:26:27","guid":{"rendered":"https:\/\/ombudsmandemontreal.com\/?page_id=1794"},"modified":"2012-05-24T14:26:27","modified_gmt":"2012-05-24T18:26:27","slug":"grab-rails-%e2%80%93-bathroom-adapted-for-the-handicapped-%e2%80%93-ville-de-montreal-city-hall-2010","status":"publish","type":"page","link":"https:\/\/ombudsmandemontreal.com\/en\/cases-handled\/examples-of-charter-files\/universal-access\/grab-rails-%e2%80%93-bathroom-adapted-for-the-handicapped-%e2%80%93-ville-de-montreal-city-hall-2010","title":{"rendered":"Grab rails \u2013 Bathroom adapted for the handicapped \u2013 Ville de Montr\u00e9al City Hall (2010)"},"content":{"rendered":"<p>In February 2010, the <strong>OMBUDSMAN DE MONTR\u00c9AL <\/strong>requested from the Pr\u00e9sidence du Conseil de la Ville, which is responsible for managing the City Hall, that it installs grab rails in the adapted bathroom located on the ground floor of the building. This request followed the recent installation by our office, in early 2010, of an automated door opening system which provides persons with reduced mobility an easy access to this bathroom.<\/p>\n<p>A major project for the upgrading of the City Hall ground floor already provides for modifications to this bathroom, to improve its accessibility. When these changes will be actually completed, however, remain unknown and in our opinion, the installation of grab rails should not wait.<\/p>\n<p>After many follow-up calls, over a few months, these rails were finally installed: as a result, the manoeuvers of handicapped people using this bathroom have become easier and safer.<\/p>\n","protected":false},"excerpt":{"rendered":"<p>In February 2010, the OMBUDSMAN DE MONTR\u00c9AL requested from the Pr\u00e9sidence du Conseil de la Ville, which is responsible for managing the City Hall, that it installs grab rails in the adapted bathroom located on the ground floor of the &hellip; <a href=\"https:\/\/ombudsmandemontreal.com\/en\/cases-handled\/examples-of-charter-files\/universal-access\/grab-rails-%e2%80%93-bathroom-adapted-for-the-handicapped-%e2%80%93-ville-de-montreal-city-hall-2010\">Continue reading <span class=\"meta-nav\">&rarr;<\/span><\/a><\/p>\n","protected":false},"author":18,"featured_media":0,"parent":339,"menu_order":9,"comment_status":"closed","ping_status":"closed","template":"","meta":{"_acf_changed":false,"footnotes":""},"class_list":["post-1794","page","type-page","status-publish","hentry"],"acf":[],"yoast_head":"<!-- This site is optimized with the Yoast SEO plugin v27.4 - https:\/\/yoast.com\/product\/yoast-seo-wordpress\/ -->\n<title>Grab rails \u2013 Bathroom adapted for the handicapped \u2013 Ville de Montr\u00e9al City Hall (2010) - OMBUDSMAN de Montr\u00e9al<\/title>\n<meta name=\"robots\" content=\"index, follow, max-snippet:-1, max-image-preview:large, max-video-preview:-1\" \/>\n<link rel=\"canonical\" href=\"https:\/\/ombudsmandemontreal.com\/en\/cases-handled\/examples-of-charter-files\/universal-access\/grab-rails-\u2013-bathroom-adapted-for-the-handicapped-\u2013-ville-de-montreal-city-hall-2010\" \/>\n<meta property=\"og:locale\" content=\"en_US\" \/>\n<meta property=\"og:type\" content=\"article\" \/>\n<meta property=\"og:title\" content=\"Grab rails \u2013 Bathroom adapted for the handicapped \u2013 Ville de Montr\u00e9al City Hall (2010) - OMBUDSMAN de Montr\u00e9al\" \/>\n<meta property=\"og:description\" content=\"In February 2010, the OMBUDSMAN DE MONTR\u00c9AL requested from the Pr\u00e9sidence du Conseil de la Ville, which is responsible for managing the City Hall, that it installs grab rails in the adapted bathroom located on the ground floor of the &hellip; Continue reading &rarr;\" \/>\n<meta property=\"og:url\" content=\"https:\/\/ombudsmandemontreal.com\/en\/cases-handled\/examples-of-charter-files\/universal-access\/grab-rails-\u2013-bathroom-adapted-for-the-handicapped-\u2013-ville-de-montreal-city-hall-2010\" \/>\n<meta property=\"og:site_name\" content=\"OMBUDSMAN de Montr\u00e9al\" \/>\n<meta name=\"twitter:card\" content=\"summary_large_image\" \/>\n<meta name=\"twitter:label1\" content=\"Est. reading time\" \/>\n\t<meta name=\"twitter:data1\" content=\"1 minute\" \/>\n<script type=\"application\/ld+json\" class=\"yoast-schema-graph\">{\"@context\":\"https:\\\/\\\/schema.org\",\"@graph\":[{\"@type\":\"WebPage\",\"@id\":\"https:\\\/\\\/ombudsmandemontreal.com\\\/en\\\/cases-handled\\\/examples-of-charter-files\\\/universal-access\\\/grab-rails-%e2%80%93-bathroom-adapted-for-the-handicapped-%e2%80%93-ville-de-montreal-city-hall-2010\",\"url\":\"https:\\\/\\\/ombudsmandemontreal.com\\\/en\\\/cases-handled\\\/examples-of-charter-files\\\/universal-access\\\/grab-rails-%e2%80%93-bathroom-adapted-for-the-handicapped-%e2%80%93-ville-de-montreal-city-hall-2010\",\"name\":\"Grab rails \u2013 Bathroom adapted for the handicapped \u2013 Ville de Montr\u00e9al City Hall (2010) - OMBUDSMAN de Montr\u00e9al\",\"isPartOf\":{\"@id\":\"https:\\\/\\\/ombudsmandemontreal.com\\\/#website\"},\"datePublished\":\"2012-05-24T18:26:27+00:00\",\"breadcrumb\":{\"@id\":\"https:\\\/\\\/ombudsmandemontreal.com\\\/en\\\/cases-handled\\\/examples-of-charter-files\\\/universal-access\\\/grab-rails-%e2%80%93-bathroom-adapted-for-the-handicapped-%e2%80%93-ville-de-montreal-city-hall-2010#breadcrumb\"},\"inLanguage\":\"en-US\",\"potentialAction\":[{\"@type\":\"ReadAction\",\"target\":[\"https:\\\/\\\/ombudsmandemontreal.com\\\/en\\\/cases-handled\\\/examples-of-charter-files\\\/universal-access\\\/grab-rails-%e2%80%93-bathroom-adapted-for-the-handicapped-%e2%80%93-ville-de-montreal-city-hall-2010\"]}]},{\"@type\":\"BreadcrumbList\",\"@id\":\"https:\\\/\\\/ombudsmandemontreal.com\\\/en\\\/cases-handled\\\/examples-of-charter-files\\\/universal-access\\\/grab-rails-%e2%80%93-bathroom-adapted-for-the-handicapped-%e2%80%93-ville-de-montreal-city-hall-2010#breadcrumb\",\"itemListElement\":[{\"@type\":\"ListItem\",\"position\":1,\"name\":\"Home\",\"item\":\"https:\\\/\\\/ombudsmandemontreal.com\\\/en\\\/\"},{\"@type\":\"ListItem\",\"position\":2,\"name\":\"Cases handled\",\"item\":\"https:\\\/\\\/ombudsmandemontreal.com\\\/en\\\/cases-handled\"},{\"@type\":\"ListItem\",\"position\":3,\"name\":\"Examples of Charter files\",\"item\":\"https:\\\/\\\/ombudsmandemontreal.com\\\/en\\\/cases-handled\\\/examples-of-charter-files\"},{\"@type\":\"ListItem\",\"position\":4,\"name\":\"Universal access\",\"item\":\"https:\\\/\\\/ombudsmandemontreal.com\\\/en\\\/cases-handled\\\/examples-of-charter-files\\\/universal-access\"},{\"@type\":\"ListItem\",\"position\":5,\"name\":\"Grab rails \u2013 Bathroom adapted for the handicapped \u2013 Ville de Montr\u00e9al City Hall (2010)\"}]},{\"@type\":\"WebSite\",\"@id\":\"https:\\\/\\\/ombudsmandemontreal.com\\\/#website\",\"url\":\"https:\\\/\\\/ombudsmandemontreal.com\\\/\",\"name\":\"OMBUDSMAN de Montr\u00e9al\",\"description\":\"\",\"potentialAction\":[{\"@type\":\"SearchAction\",\"target\":{\"@type\":\"EntryPoint\",\"urlTemplate\":\"https:\\\/\\\/ombudsmandemontreal.com\\\/?s={search_term_string}\"},\"query-input\":{\"@type\":\"PropertyValueSpecification\",\"valueRequired\":true,\"valueName\":\"search_term_string\"}}],\"inLanguage\":\"en-US\"}]}<\/script>\n<!-- \/ Yoast SEO plugin. -->","yoast_head_json":{"title":"Grab rails \u2013 Bathroom adapted for the handicapped \u2013 Ville de Montr\u00e9al City Hall (2010) - OMBUDSMAN de Montr\u00e9al","robots":{"index":"index","follow":"follow","max-snippet":"max-snippet:-1","max-image-preview":"max-image-preview:large","max-video-preview":"max-video-preview:-1"},"canonical":"https:\/\/ombudsmandemontreal.com\/en\/cases-handled\/examples-of-charter-files\/universal-access\/grab-rails-\u2013-bathroom-adapted-for-the-handicapped-\u2013-ville-de-montreal-city-hall-2010","og_locale":"en_US","og_type":"article","og_title":"Grab rails \u2013 Bathroom adapted for the handicapped \u2013 Ville de Montr\u00e9al City Hall (2010) - OMBUDSMAN de Montr\u00e9al","og_description":"In February 2010, the OMBUDSMAN DE MONTR\u00c9AL requested from the Pr\u00e9sidence du Conseil de la Ville, which is responsible for managing the City Hall, that it installs grab rails in the adapted bathroom located on the ground floor of the &hellip; Continue reading &rarr;","og_url":"https:\/\/ombudsmandemontreal.com\/en\/cases-handled\/examples-of-charter-files\/universal-access\/grab-rails-\u2013-bathroom-adapted-for-the-handicapped-\u2013-ville-de-montreal-city-hall-2010","og_site_name":"OMBUDSMAN de Montr\u00e9al","twitter_card":"summary_large_image","twitter_misc":{"Est. reading time":"1 minute"},"schema":{"@context":"https:\/\/schema.org","@graph":[{"@type":"WebPage","@id":"https:\/\/ombudsmandemontreal.com\/en\/cases-handled\/examples-of-charter-files\/universal-access\/grab-rails-%e2%80%93-bathroom-adapted-for-the-handicapped-%e2%80%93-ville-de-montreal-city-hall-2010","url":"https:\/\/ombudsmandemontreal.com\/en\/cases-handled\/examples-of-charter-files\/universal-access\/grab-rails-%e2%80%93-bathroom-adapted-for-the-handicapped-%e2%80%93-ville-de-montreal-city-hall-2010","name":"Grab rails \u2013 Bathroom adapted for the handicapped \u2013 Ville de Montr\u00e9al City Hall (2010) - OMBUDSMAN de Montr\u00e9al","isPartOf":{"@id":"https:\/\/ombudsmandemontreal.com\/#website"},"datePublished":"2012-05-24T18:26:27+00:00","breadcrumb":{"@id":"https:\/\/ombudsmandemontreal.com\/en\/cases-handled\/examples-of-charter-files\/universal-access\/grab-rails-%e2%80%93-bathroom-adapted-for-the-handicapped-%e2%80%93-ville-de-montreal-city-hall-2010#breadcrumb"},"inLanguage":"en-US","potentialAction":[{"@type":"ReadAction","target":["https:\/\/ombudsmandemontreal.com\/en\/cases-handled\/examples-of-charter-files\/universal-access\/grab-rails-%e2%80%93-bathroom-adapted-for-the-handicapped-%e2%80%93-ville-de-montreal-city-hall-2010"]}]},{"@type":"BreadcrumbList","@id":"https:\/\/ombudsmandemontreal.com\/en\/cases-handled\/examples-of-charter-files\/universal-access\/grab-rails-%e2%80%93-bathroom-adapted-for-the-handicapped-%e2%80%93-ville-de-montreal-city-hall-2010#breadcrumb","itemListElement":[{"@type":"ListItem","position":1,"name":"Home","item":"https:\/\/ombudsmandemontreal.com\/en\/"},{"@type":"ListItem","position":2,"name":"Cases handled","item":"https:\/\/ombudsmandemontreal.com\/en\/cases-handled"},{"@type":"ListItem","position":3,"name":"Examples of Charter files","item":"https:\/\/ombudsmandemontreal.com\/en\/cases-handled\/examples-of-charter-files"},{"@type":"ListItem","position":4,"name":"Universal access","item":"https:\/\/ombudsmandemontreal.com\/en\/cases-handled\/examples-of-charter-files\/universal-access"},{"@type":"ListItem","position":5,"name":"Grab rails \u2013 Bathroom adapted for the handicapped \u2013 Ville de Montr\u00e9al City Hall (2010)"}]},{"@type":"WebSite","@id":"https:\/\/ombudsmandemontreal.com\/#website","url":"https:\/\/ombudsmandemontreal.com\/","name":"OMBUDSMAN de Montr\u00e9al","description":"","potentialAction":[{"@type":"SearchAction","target":{"@type":"EntryPoint","urlTemplate":"https:\/\/ombudsmandemontreal.com\/?s={search_term_string}"},"query-input":{"@type":"PropertyValueSpecification","valueRequired":true,"valueName":"search_term_string"}}],"inLanguage":"en-US"}]}},"_links":{"self":[{"href":"https:\/\/ombudsmandemontreal.com\/en\/wp-json\/wp\/v2\/pages\/1794","targetHints":{"allow":["GET"]}}],"collection":[{"href":"https:\/\/ombudsmandemontreal.com\/en\/wp-json\/wp\/v2\/pages"}],"about":[{"href":"https:\/\/ombudsmandemontreal.com\/en\/wp-json\/wp\/v2\/types\/page"}],"author":[{"embeddable":true,"href":"https:\/\/ombudsmandemontreal.com\/en\/wp-json\/wp\/v2\/users\/18"}],"replies":[{"embeddable":true,"href":"https:\/\/ombudsmandemontreal.com\/en\/wp-json\/wp\/v2\/comments?post=1794"}],"version-history":[{"count":0,"href":"https:\/\/ombudsmandemontreal.com\/en\/wp-json\/wp\/v2\/pages\/1794\/revisions"}],"up":[{"embeddable":true,"href":"https:\/\/ombudsmandemontreal.com\/en\/wp-json\/wp\/v2\/pages\/339"}],"wp:attachment":[{"href":"https:\/\/ombudsmandemontreal.com\/en\/wp-json\/wp\/v2\/media?parent=1794"}],"curies":[{"name":"wp","href":"https:\/\/api.w.org\/{rel}","templated":true}]}}

Grab rails – Bathroom adapted for the handicapped – Ville de Montréal City Hall (2010)

<p>In February 2010, the <strong>OMBUDSMAN DE MONTRÉAL </strong>requested from the Présidence du Conseil de la Ville, which is responsible for managing the City Hall, that it installs grab rails in the adapted bathroom located on the ground floor of the building. This request followed the recent installation by our office, in early 2010, of an automated door opening system which provides persons with reduced mobility an easy access to this bathroom.</p>
<p>A major project for the upgrading of the City Hall ground floor already provides for modifications to this bathroom, to improve its accessibility. When these changes will be actually completed, however, remain unknown and in our opinion, the installation of grab rails should not wait.</p>
<p>After many follow-up calls, over a few months, these rails were finally installed: as a result, the manoeuvers of handicapped people using this bathroom have become easier and safer.</p>

<p>In February 2010, the OMBUDSMAN DE MONTRÉAL requested from the Présidence du Conseil de la Ville, which is responsible for managing the City Hall, that it installs grab rails in the adapted bathroom located on the ground floor of the &hellip; <a href="https://ombudsmandemontreal.com/en/cases-handled/examples-of-charter-files/universal-access/grab-rails-%e2%80%93-bathroom-adapted-for-the-handicapped-%e2%80%93-ville-de-montreal-city-hall-2010">Continue reading <span class="meta-nav">&rarr;</span></a></p>

<!-- This site is optimized with the Yoast SEO plugin v27.4 - https://yoast.com/product/yoast-seo-wordpress/ -->
<title>Grab rails – Bathroom adapted for the handicapped – Ville de Montréal City Hall (2010) - OMBUDSMAN de Montréal</title>
<meta name="robots" content="index, follow, max-snippet:-1, max-image-preview:large, max-video-preview:-1" />
<link rel="canonical" href="https://ombudsmandemontreal.com/en/cases-handled/examples-of-charter-files/universal-access/grab-rails-–-bathroom-adapted-for-the-handicapped-–-ville-de-montreal-city-hall-2010" />
<meta property="og:locale" content="en_US" />
<meta property="og:type" content="article" />
<meta property="og:title" content="Grab rails – Bathroom adapted for the handicapped – Ville de Montréal City Hall (2010) - OMBUDSMAN de Montréal" />
<meta property="og:description" content="In February 2010, the OMBUDSMAN DE MONTRÉAL requested from the Présidence du Conseil de la Ville, which is responsible for managing the City Hall, that it installs grab rails in the adapted bathroom located on the ground floor of the &hellip; Continue reading &rarr;" />
<meta property="og:url" content="https://ombudsmandemontreal.com/en/cases-handled/examples-of-charter-files/universal-access/grab-rails-–-bathroom-adapted-for-the-handicapped-–-ville-de-montreal-city-hall-2010" />
<meta property="og:site_name" content="OMBUDSMAN de Montréal" />
<meta name="twitter:card" content="summary_large_image" />
<meta name="twitter:label1" content="Est. reading time" />
	<meta name="twitter:data1" content="1 minute" />
<script type="application/ld+json" class="yoast-schema-graph">{"@context":"https:\/\/schema.org","@graph":[{"@type":"WebPage","@id":"https:\/\/ombudsmandemontreal.com\/en\/cases-handled\/examples-of-charter-files\/universal-access\/grab-rails-%e2%80%93-bathroom-adapted-for-the-handicapped-%e2%80%93-ville-de-montreal-city-hall-2010","url":"https:\/\/ombudsmandemontreal.com\/en\/cases-handled\/examples-of-charter-files\/universal-access\/grab-rails-%e2%80%93-bathroom-adapted-for-the-handicapped-%e2%80%93-ville-de-montreal-city-hall-2010","name":"Grab rails – Bathroom adapted for the handicapped – Ville de Montréal City Hall (2010) - OMBUDSMAN de Montréal","isPartOf":{"@id":"https:\/\/ombudsmandemontreal.com\/#website"},"datePublished":"2012-05-24T18:26:27+00:00","breadcrumb":{"@id":"https:\/\/ombudsmandemontreal.com\/en\/cases-handled\/examples-of-charter-files\/universal-access\/grab-rails-%e2%80%93-bathroom-adapted-for-the-handicapped-%e2%80%93-ville-de-montreal-city-hall-2010#breadcrumb"},"inLanguage":"en-US","potentialAction":[{"@type":"ReadAction","target":["https:\/\/ombudsmandemontreal.com\/en\/cases-handled\/examples-of-charter-files\/universal-access\/grab-rails-%e2%80%93-bathroom-adapted-for-the-handicapped-%e2%80%93-ville-de-montreal-city-hall-2010"]}]},{"@type":"BreadcrumbList","@id":"https:\/\/ombudsmandemontreal.com\/en\/cases-handled\/examples-of-charter-files\/universal-access\/grab-rails-%e2%80%93-bathroom-adapted-for-the-handicapped-%e2%80%93-ville-de-montreal-city-hall-2010#breadcrumb","itemListElement":[{"@type":"ListItem","position":1,"name":"Home","item":"https:\/\/ombudsmandemontreal.com\/en\/"},{"@type":"ListItem","position":2,"name":"Cases handled","item":"https:\/\/ombudsmandemontreal.com\/en\/cases-handled"},{"@type":"ListItem","position":3,"name":"Examples of Charter files","item":"https:\/\/ombudsmandemontreal.com\/en\/cases-handled\/examples-of-charter-files"},{"@type":"ListItem","position":4,"name":"Universal access","item":"https:\/\/ombudsmandemontreal.com\/en\/cases-handled\/examples-of-charter-files\/universal-access"},{"@type":"ListItem","position":5,"name":"Grab rails – Bathroom adapted for the handicapped – Ville de Montréal City Hall (2010)"}]},{"@type":"WebSite","@id":"https:\/\/ombudsmandemontreal.com\/#website","url":"https:\/\/ombudsmandemontreal.com\/","name":"OMBUDSMAN de Montréal","description":"","potentialAction":[{"@type":"SearchAction","target":{"@type":"EntryPoint","urlTemplate":"https:\/\/ombudsmandemontreal.com\/?s={search_term_string}"},"query-input":{"@type":"PropertyValueSpecification","valueRequired":true,"valueName":"search_term_string"}}],"inLanguage":"en-US"}]}</script>
<!-- / Yoast SEO plugin. -->

Grab rails – Bathroom adapted for the handicapped – Ville de Montréal City Hall (2010) - OMBUDSMAN de Montréal

In February 2010, the OMBUDSMAN DE MONTRÉAL requested from the Présidence du Conseil de la Ville, which is responsible for managing the City Hall, that it installs grab rails in the adapted bathroom located on the ground floor of the &hellip; Continue reading &rarr;

OMBUDSMAN de Montréal
