{"id":1275,"date":"2011-11-28T17:27:19","date_gmt":"2011-11-28T22:27:19","guid":{"rendered":"https:\/\/ombudsmandemontreal.com\/?page_id=1275"},"modified":"2013-04-16T15:55:29","modified_gmt":"2013-04-16T19:55:29","slug":"q-does-ville-de-montreal-provide-reasonable-accommodations","status":"publish","type":"page","link":"https:\/\/ombudsmandemontreal.com\/en\/frequently-asked-questions\/the-ombudsman-de-montreal-hereafter-odm\/q-does-ville-de-montreal-provide-reasonable-accommodations","title":{"rendered":"Q. Does Ville de Montr\u00e9al provide Reasonable Accommodations?"},"content":{"rendered":"<p>A. Ville de Montr\u00e9al must respect the fundamental rights protected under the <a href=\"http:\/\/laws-lois.justice.gc.ca\/eng\/const\/page-15.html\" target=\"_blank\">Canadian Charter of Rights and Freedoms<\/a> and the Qu\u00e9bec <a href=\"http:\/\/www2.publicationsduquebec.gouv.qc.ca\/dynamicSearch\/telecharge.php?type=2&amp;file=\/C_12\/C12_A.html\" target=\"_blank\">Charter of Human Rights and Freedoms<\/a>.<\/p>\n<p>If necessary for the protection of his or her fundamental rights, a citizen may ask for certain reasonable accommodations with respect to the rules and policies usually applied by Ville de Montr\u00e9al.<\/p>\n<p>The duty to provide reasonable accommodations only exists when fundamental rights are at stake: the goal is to promote integration and avoid ghetto\u00efzation. The accommodation must, however, be reasonable and should not impose an excessive burden on Ville de Montr\u00e9al.<\/p>\n<p>If a request for reasonable accommodation is rejected by City representatives, the citizen may ask the OdM to intervene to try to settle the matter: the OdM will make a neutral and independent analysis of the file and, if necessary, intervene between the municipal authorities and the concerned citizen. The OdM may also decide to engage in formal mediation with the parties.<\/p>\n<p>In instances where a fundamental right is not at stake, Ville de Montr\u00e9al is not legally obliged to accommodate. Nonetheless, the City may still wish to provide some special adjustment, so as to encourage the integration and participation of all citizens to the community life of Montr\u00e9al. Such privileges are on a voluntary basis only and do not bind Ville de Montr\u00e9al for the future. The OdM may also play a facilitating role with regard to this type of situation.<\/p>\n","protected":false},"excerpt":{"rendered":"<p>A. Ville de Montr\u00e9al must respect the fundamental rights protected under the Canadian Charter of Rights and Freedoms and the Qu\u00e9bec Charter of Human Rights and Freedoms. If necessary for the protection of his or her fundamental rights, a citizen &hellip; <a href=\"https:\/\/ombudsmandemontreal.com\/en\/frequently-asked-questions\/the-ombudsman-de-montreal-hereafter-odm\/q-does-ville-de-montreal-provide-reasonable-accommodations\">Continue reading <span class=\"meta-nav\">&rarr;<\/span><\/a><\/p>\n","protected":false},"author":18,"featured_media":0,"parent":1196,"menu_order":0,"comment_status":"closed","ping_status":"closed","template":"","meta":{"_acf_changed":false,"footnotes":""},"class_list":["post-1275","page","type-page","status-publish","hentry"],"acf":[],"yoast_head":"<!-- This site is optimized with the Yoast SEO plugin v27.4 - https:\/\/yoast.com\/product\/yoast-seo-wordpress\/ -->\n<title>Q. Does Ville de Montr\u00e9al provide Reasonable Accommodations? - OMBUDSMAN de Montr\u00e9al<\/title>\n<meta name=\"robots\" content=\"index, follow, max-snippet:-1, max-image-preview:large, max-video-preview:-1\" \/>\n<link rel=\"canonical\" href=\"https:\/\/ombudsmandemontreal.com\/en\/frequently-asked-questions\/the-ombudsman-de-montreal-hereafter-odm\/q-does-ville-de-montreal-provide-reasonable-accommodations\" \/>\n<meta property=\"og:locale\" content=\"en_US\" \/>\n<meta property=\"og:type\" content=\"article\" \/>\n<meta property=\"og:title\" content=\"Q. Does Ville de Montr\u00e9al provide Reasonable Accommodations? - OMBUDSMAN de Montr\u00e9al\" \/>\n<meta property=\"og:description\" content=\"A. Ville de Montr\u00e9al must respect the fundamental rights protected under the Canadian Charter of Rights and Freedoms and the Qu\u00e9bec Charter of Human Rights and Freedoms. If necessary for the protection of his or her fundamental rights, a citizen &hellip; Continue reading &rarr;\" \/>\n<meta property=\"og:url\" content=\"https:\/\/ombudsmandemontreal.com\/en\/frequently-asked-questions\/the-ombudsman-de-montreal-hereafter-odm\/q-does-ville-de-montreal-provide-reasonable-accommodations\" \/>\n<meta property=\"og:site_name\" content=\"OMBUDSMAN de Montr\u00e9al\" \/>\n<meta property=\"article:modified_time\" content=\"2013-04-16T19:55:29+00:00\" \/>\n<meta name=\"twitter:card\" content=\"summary_large_image\" \/>\n<meta name=\"twitter:label1\" content=\"Est. reading time\" \/>\n\t<meta name=\"twitter:data1\" content=\"1 minute\" \/>\n<script type=\"application\/ld+json\" class=\"yoast-schema-graph\">{\"@context\":\"https:\\\/\\\/schema.org\",\"@graph\":[{\"@type\":\"WebPage\",\"@id\":\"https:\\\/\\\/ombudsmandemontreal.com\\\/en\\\/frequently-asked-questions\\\/the-ombudsman-de-montreal-hereafter-odm\\\/q-does-ville-de-montreal-provide-reasonable-accommodations\",\"url\":\"https:\\\/\\\/ombudsmandemontreal.com\\\/en\\\/frequently-asked-questions\\\/the-ombudsman-de-montreal-hereafter-odm\\\/q-does-ville-de-montreal-provide-reasonable-accommodations\",\"name\":\"Q. Does Ville de Montr\u00e9al provide Reasonable Accommodations? - OMBUDSMAN de Montr\u00e9al\",\"isPartOf\":{\"@id\":\"https:\\\/\\\/ombudsmandemontreal.com\\\/#website\"},\"datePublished\":\"2011-11-28T22:27:19+00:00\",\"dateModified\":\"2013-04-16T19:55:29+00:00\",\"breadcrumb\":{\"@id\":\"https:\\\/\\\/ombudsmandemontreal.com\\\/en\\\/frequently-asked-questions\\\/the-ombudsman-de-montreal-hereafter-odm\\\/q-does-ville-de-montreal-provide-reasonable-accommodations#breadcrumb\"},\"inLanguage\":\"en-US\",\"potentialAction\":[{\"@type\":\"ReadAction\",\"target\":[\"https:\\\/\\\/ombudsmandemontreal.com\\\/en\\\/frequently-asked-questions\\\/the-ombudsman-de-montreal-hereafter-odm\\\/q-does-ville-de-montreal-provide-reasonable-accommodations\"]}]},{\"@type\":\"BreadcrumbList\",\"@id\":\"https:\\\/\\\/ombudsmandemontreal.com\\\/en\\\/frequently-asked-questions\\\/the-ombudsman-de-montreal-hereafter-odm\\\/q-does-ville-de-montreal-provide-reasonable-accommodations#breadcrumb\",\"itemListElement\":[{\"@type\":\"ListItem\",\"position\":1,\"name\":\"Home\",\"item\":\"https:\\\/\\\/ombudsmandemontreal.com\\\/en\\\/\"},{\"@type\":\"ListItem\",\"position\":2,\"name\":\"Frequently asked questions\",\"item\":\"https:\\\/\\\/ombudsmandemontreal.com\\\/en\\\/frequently-asked-questions\"},{\"@type\":\"ListItem\",\"position\":3,\"name\":\"Frequently Asked Questions to the OdM regarding various municipal issues\",\"item\":\"https:\\\/\\\/ombudsmandemontreal.com\\\/en\\\/frequently-asked-questions\\\/the-ombudsman-de-montreal-hereafter-odm\"},{\"@type\":\"ListItem\",\"position\":4,\"name\":\"Q. Does Ville de Montr\u00e9al provide Reasonable Accommodations?\"}]},{\"@type\":\"WebSite\",\"@id\":\"https:\\\/\\\/ombudsmandemontreal.com\\\/#website\",\"url\":\"https:\\\/\\\/ombudsmandemontreal.com\\\/\",\"name\":\"OMBUDSMAN de Montr\u00e9al\",\"description\":\"\",\"potentialAction\":[{\"@type\":\"SearchAction\",\"target\":{\"@type\":\"EntryPoint\",\"urlTemplate\":\"https:\\\/\\\/ombudsmandemontreal.com\\\/?s={search_term_string}\"},\"query-input\":{\"@type\":\"PropertyValueSpecification\",\"valueRequired\":true,\"valueName\":\"search_term_string\"}}],\"inLanguage\":\"en-US\"}]}<\/script>\n<!-- \/ Yoast SEO plugin. -->","yoast_head_json":{"title":"Q. Does Ville de Montr\u00e9al provide Reasonable Accommodations? - OMBUDSMAN de Montr\u00e9al","robots":{"index":"index","follow":"follow","max-snippet":"max-snippet:-1","max-image-preview":"max-image-preview:large","max-video-preview":"max-video-preview:-1"},"canonical":"https:\/\/ombudsmandemontreal.com\/en\/frequently-asked-questions\/the-ombudsman-de-montreal-hereafter-odm\/q-does-ville-de-montreal-provide-reasonable-accommodations","og_locale":"en_US","og_type":"article","og_title":"Q. Does Ville de Montr\u00e9al provide Reasonable Accommodations? - OMBUDSMAN de Montr\u00e9al","og_description":"A. Ville de Montr\u00e9al must respect the fundamental rights protected under the Canadian Charter of Rights and Freedoms and the Qu\u00e9bec Charter of Human Rights and Freedoms. If necessary for the protection of his or her fundamental rights, a citizen &hellip; Continue reading &rarr;","og_url":"https:\/\/ombudsmandemontreal.com\/en\/frequently-asked-questions\/the-ombudsman-de-montreal-hereafter-odm\/q-does-ville-de-montreal-provide-reasonable-accommodations","og_site_name":"OMBUDSMAN de Montr\u00e9al","article_modified_time":"2013-04-16T19:55:29+00:00","twitter_card":"summary_large_image","twitter_misc":{"Est. reading time":"1 minute"},"schema":{"@context":"https:\/\/schema.org","@graph":[{"@type":"WebPage","@id":"https:\/\/ombudsmandemontreal.com\/en\/frequently-asked-questions\/the-ombudsman-de-montreal-hereafter-odm\/q-does-ville-de-montreal-provide-reasonable-accommodations","url":"https:\/\/ombudsmandemontreal.com\/en\/frequently-asked-questions\/the-ombudsman-de-montreal-hereafter-odm\/q-does-ville-de-montreal-provide-reasonable-accommodations","name":"Q. Does Ville de Montr\u00e9al provide Reasonable Accommodations? - OMBUDSMAN de Montr\u00e9al","isPartOf":{"@id":"https:\/\/ombudsmandemontreal.com\/#website"},"datePublished":"2011-11-28T22:27:19+00:00","dateModified":"2013-04-16T19:55:29+00:00","breadcrumb":{"@id":"https:\/\/ombudsmandemontreal.com\/en\/frequently-asked-questions\/the-ombudsman-de-montreal-hereafter-odm\/q-does-ville-de-montreal-provide-reasonable-accommodations#breadcrumb"},"inLanguage":"en-US","potentialAction":[{"@type":"ReadAction","target":["https:\/\/ombudsmandemontreal.com\/en\/frequently-asked-questions\/the-ombudsman-de-montreal-hereafter-odm\/q-does-ville-de-montreal-provide-reasonable-accommodations"]}]},{"@type":"BreadcrumbList","@id":"https:\/\/ombudsmandemontreal.com\/en\/frequently-asked-questions\/the-ombudsman-de-montreal-hereafter-odm\/q-does-ville-de-montreal-provide-reasonable-accommodations#breadcrumb","itemListElement":[{"@type":"ListItem","position":1,"name":"Home","item":"https:\/\/ombudsmandemontreal.com\/en\/"},{"@type":"ListItem","position":2,"name":"Frequently asked questions","item":"https:\/\/ombudsmandemontreal.com\/en\/frequently-asked-questions"},{"@type":"ListItem","position":3,"name":"Frequently Asked Questions to the OdM regarding various municipal issues","item":"https:\/\/ombudsmandemontreal.com\/en\/frequently-asked-questions\/the-ombudsman-de-montreal-hereafter-odm"},{"@type":"ListItem","position":4,"name":"Q. Does Ville de Montr\u00e9al provide Reasonable Accommodations?"}]},{"@type":"WebSite","@id":"https:\/\/ombudsmandemontreal.com\/#website","url":"https:\/\/ombudsmandemontreal.com\/","name":"OMBUDSMAN de Montr\u00e9al","description":"","potentialAction":[{"@type":"SearchAction","target":{"@type":"EntryPoint","urlTemplate":"https:\/\/ombudsmandemontreal.com\/?s={search_term_string}"},"query-input":{"@type":"PropertyValueSpecification","valueRequired":true,"valueName":"search_term_string"}}],"inLanguage":"en-US"}]}},"_links":{"self":[{"href":"https:\/\/ombudsmandemontreal.com\/en\/wp-json\/wp\/v2\/pages\/1275","targetHints":{"allow":["GET"]}}],"collection":[{"href":"https:\/\/ombudsmandemontreal.com\/en\/wp-json\/wp\/v2\/pages"}],"about":[{"href":"https:\/\/ombudsmandemontreal.com\/en\/wp-json\/wp\/v2\/types\/page"}],"author":[{"embeddable":true,"href":"https:\/\/ombudsmandemontreal.com\/en\/wp-json\/wp\/v2\/users\/18"}],"replies":[{"embeddable":true,"href":"https:\/\/ombudsmandemontreal.com\/en\/wp-json\/wp\/v2\/comments?post=1275"}],"version-history":[{"count":0,"href":"https:\/\/ombudsmandemontreal.com\/en\/wp-json\/wp\/v2\/pages\/1275\/revisions"}],"up":[{"embeddable":true,"href":"https:\/\/ombudsmandemontreal.com\/en\/wp-json\/wp\/v2\/pages\/1196"}],"wp:attachment":[{"href":"https:\/\/ombudsmandemontreal.com\/en\/wp-json\/wp\/v2\/media?parent=1275"}],"curies":[{"name":"wp","href":"https:\/\/api.w.org\/{rel}","templated":true}]}}

Q. Does Ville de Montréal provide Reasonable Accommodations?

<p>A. Ville de Montréal must respect the fundamental rights protected under the <a href="http://laws-lois.justice.gc.ca/eng/const/page-15.html" target="_blank">Canadian Charter of Rights and Freedoms</a> and the Québec <a href="http://www2.publicationsduquebec.gouv.qc.ca/dynamicSearch/telecharge.php?type=2&amp;file=/C_12/C12_A.html" target="_blank">Charter of Human Rights and Freedoms</a>.</p>
<p>If necessary for the protection of his or her fundamental rights, a citizen may ask for certain reasonable accommodations with respect to the rules and policies usually applied by Ville de Montréal.</p>
<p>The duty to provide reasonable accommodations only exists when fundamental rights are at stake: the goal is to promote integration and avoid ghettoïzation. The accommodation must, however, be reasonable and should not impose an excessive burden on Ville de Montréal.</p>
<p>If a request for reasonable accommodation is rejected by City representatives, the citizen may ask the OdM to intervene to try to settle the matter: the OdM will make a neutral and independent analysis of the file and, if necessary, intervene between the municipal authorities and the concerned citizen. The OdM may also decide to engage in formal mediation with the parties.</p>
<p>In instances where a fundamental right is not at stake, Ville de Montréal is not legally obliged to accommodate. Nonetheless, the City may still wish to provide some special adjustment, so as to encourage the integration and participation of all citizens to the community life of Montréal. Such privileges are on a voluntary basis only and do not bind Ville de Montréal for the future. The OdM may also play a facilitating role with regard to this type of situation.</p>

<p>A. Ville de Montréal must respect the fundamental rights protected under the Canadian Charter of Rights and Freedoms and the Québec Charter of Human Rights and Freedoms. If necessary for the protection of his or her fundamental rights, a citizen &hellip; <a href="https://ombudsmandemontreal.com/en/frequently-asked-questions/the-ombudsman-de-montreal-hereafter-odm/q-does-ville-de-montreal-provide-reasonable-accommodations">Continue reading <span class="meta-nav">&rarr;</span></a></p>

<!-- This site is optimized with the Yoast SEO plugin v27.4 - https://yoast.com/product/yoast-seo-wordpress/ -->
<title>Q. Does Ville de Montréal provide Reasonable Accommodations? - OMBUDSMAN de Montréal</title>
<meta name="robots" content="index, follow, max-snippet:-1, max-image-preview:large, max-video-preview:-1" />
<link rel="canonical" href="https://ombudsmandemontreal.com/en/frequently-asked-questions/the-ombudsman-de-montreal-hereafter-odm/q-does-ville-de-montreal-provide-reasonable-accommodations" />
<meta property="og:locale" content="en_US" />
<meta property="og:type" content="article" />
<meta property="og:title" content="Q. Does Ville de Montréal provide Reasonable Accommodations? - OMBUDSMAN de Montréal" />
<meta property="og:description" content="A. Ville de Montréal must respect the fundamental rights protected under the Canadian Charter of Rights and Freedoms and the Québec Charter of Human Rights and Freedoms. If necessary for the protection of his or her fundamental rights, a citizen &hellip; Continue reading &rarr;" />
<meta property="og:url" content="https://ombudsmandemontreal.com/en/frequently-asked-questions/the-ombudsman-de-montreal-hereafter-odm/q-does-ville-de-montreal-provide-reasonable-accommodations" />
<meta property="og:site_name" content="OMBUDSMAN de Montréal" />
<meta property="article:modified_time" content="2013-04-16T19:55:29+00:00" />
<meta name="twitter:card" content="summary_large_image" />
<meta name="twitter:label1" content="Est. reading time" />
	<meta name="twitter:data1" content="1 minute" />
<script type="application/ld+json" class="yoast-schema-graph">{"@context":"https:\/\/schema.org","@graph":[{"@type":"WebPage","@id":"https:\/\/ombudsmandemontreal.com\/en\/frequently-asked-questions\/the-ombudsman-de-montreal-hereafter-odm\/q-does-ville-de-montreal-provide-reasonable-accommodations","url":"https:\/\/ombudsmandemontreal.com\/en\/frequently-asked-questions\/the-ombudsman-de-montreal-hereafter-odm\/q-does-ville-de-montreal-provide-reasonable-accommodations","name":"Q. Does Ville de Montréal provide Reasonable Accommodations? - OMBUDSMAN de Montréal","isPartOf":{"@id":"https:\/\/ombudsmandemontreal.com\/#website"},"datePublished":"2011-11-28T22:27:19+00:00","dateModified":"2013-04-16T19:55:29+00:00","breadcrumb":{"@id":"https:\/\/ombudsmandemontreal.com\/en\/frequently-asked-questions\/the-ombudsman-de-montreal-hereafter-odm\/q-does-ville-de-montreal-provide-reasonable-accommodations#breadcrumb"},"inLanguage":"en-US","potentialAction":[{"@type":"ReadAction","target":["https:\/\/ombudsmandemontreal.com\/en\/frequently-asked-questions\/the-ombudsman-de-montreal-hereafter-odm\/q-does-ville-de-montreal-provide-reasonable-accommodations"]}]},{"@type":"BreadcrumbList","@id":"https:\/\/ombudsmandemontreal.com\/en\/frequently-asked-questions\/the-ombudsman-de-montreal-hereafter-odm\/q-does-ville-de-montreal-provide-reasonable-accommodations#breadcrumb","itemListElement":[{"@type":"ListItem","position":1,"name":"Home","item":"https:\/\/ombudsmandemontreal.com\/en\/"},{"@type":"ListItem","position":2,"name":"Frequently asked questions","item":"https:\/\/ombudsmandemontreal.com\/en\/frequently-asked-questions"},{"@type":"ListItem","position":3,"name":"Frequently Asked Questions to the OdM regarding various municipal issues","item":"https:\/\/ombudsmandemontreal.com\/en\/frequently-asked-questions\/the-ombudsman-de-montreal-hereafter-odm"},{"@type":"ListItem","position":4,"name":"Q. Does Ville de Montréal provide Reasonable Accommodations?"}]},{"@type":"WebSite","@id":"https:\/\/ombudsmandemontreal.com\/#website","url":"https:\/\/ombudsmandemontreal.com\/","name":"OMBUDSMAN de Montréal","description":"","potentialAction":[{"@type":"SearchAction","target":{"@type":"EntryPoint","urlTemplate":"https:\/\/ombudsmandemontreal.com\/?s={search_term_string}"},"query-input":{"@type":"PropertyValueSpecification","valueRequired":true,"valueName":"search_term_string"}}],"inLanguage":"en-US"}]}</script>
<!-- / Yoast SEO plugin. -->

Q. Does Ville de Montréal provide Reasonable Accommodations? - OMBUDSMAN de Montréal

A. Ville de Montréal must respect the fundamental rights protected under the Canadian Charter of Rights and Freedoms and the Québec Charter of Human Rights and Freedoms. If necessary for the protection of his or her fundamental rights, a citizen &hellip; Continue reading &rarr;

OMBUDSMAN de Montréal
